Last updated on 2025-10-24 05:50:55 CEST.
| Flavor | Version | Tinstall | Tcheck | Ttotal | Status | Flags |
|---|---|---|---|---|---|---|
| r-devel-linux-x86_64-debian-clang | 2.5.0 | 2.61 | 45.46 | 48.07 | NOTE | |
| r-devel-linux-x86_64-debian-gcc | 2.5.0 | 2.06 | 35.47 | 37.53 | OK | |
| r-devel-linux-x86_64-fedora-clang | 2.5.0 | 72.24 | OK | |||
| r-devel-linux-x86_64-fedora-gcc | 2.5.0 | 79.82 | OK | |||
| r-devel-windows-x86_64 | 2.5.0 | 6.00 | 66.00 | 72.00 | OK | |
| r-patched-linux-x86_64 | 2.5.0 | 2.86 | 43.52 | 46.38 | OK | |
| r-release-linux-x86_64 | 2.5.0 | 2.12 | 43.97 | 46.09 | OK | |
| r-release-macos-arm64 | 2.5.0 | 1.00 | 44.00 | 45.00 | OK | |
| r-release-macos-x86_64 | 2.5.0 | 4.00 | 107.00 | 111.00 | OK | |
| r-release-windows-x86_64 | 2.5.0 | 4.00 | 68.00 | 72.00 | OK | |
| r-oldrel-macos-arm64 | 2.5.0 | 1.00 | 38.00 | 39.00 | OK | |
| r-oldrel-macos-x86_64 | 2.5.0 | 4.00 | 103.00 | 107.00 | OK | |
| r-oldrel-windows-x86_64 | 2.5.0 | 6.00 | 80.00 | 86.00 | OK |
Version: 2.5.0
Check: HTML version of manual
Result: NOTE
Found the following HTML validation problems:
nsamples.html:51:1 (nsamples.Rd:13): Warning: missing </ul> before </div>
Flavor: r-devel-linux-x86_64-debian-clang