Last updated on 2025-11-26 05:51:49 CET.
| Flavor | Version | Tinstall | Tcheck | Ttotal | Status | Flags |
|---|---|---|---|---|---|---|
| r-devel-linux-x86_64-debian-clang | 0.5 | 3.83 | 32.72 | 36.55 | NOTE | |
| r-devel-linux-x86_64-debian-gcc | 0.5 | 2.73 | 24.88 | 27.61 | NOTE | |
| r-devel-linux-x86_64-fedora-clang | 0.5 | 52.91 | OK | |||
| r-devel-linux-x86_64-fedora-gcc | 0.5 | 10.00 | 41.60 | 51.60 | OK | |
| r-devel-windows-x86_64 | 0.5 | 5.00 | 56.00 | 61.00 | OK | |
| r-patched-linux-x86_64 | 0.5 | 4.52 | 29.97 | 34.49 | OK | |
| r-release-linux-x86_64 | 0.5 | 3.69 | 30.29 | 33.98 | OK | |
| r-release-macos-arm64 | 0.5 | OK | ||||
| r-release-macos-x86_64 | 0.5 | 5.00 | 44.00 | 49.00 | OK | |
| r-release-windows-x86_64 | 0.5 | 5.00 | 94.00 | 99.00 | OK | |
| r-oldrel-macos-arm64 | 0.5 | OK | ||||
| r-oldrel-macos-x86_64 | 0.5 | 5.00 | 44.00 | 49.00 | OK | |
| r-oldrel-windows-x86_64 | 0.5 | 5.00 | 62.00 | 67.00 | OK |
Version: 0.5
Check: CRAN incoming feasibility
Result: NOTE
Maintainer: ‘Theodore Lytras <thlytras@gmail.com>’
No Authors@R field in DESCRIPTION.
Please add one, modifying
Authors@R: person(given = "Theodore",
family = "Lytras",
role = c("aut", "cre"),
email = "thlytras@gmail.com")
as necessary.
Flavors: r-devel-linux-x86_64-debian-clang, r-devel-linux-x86_64-debian-gcc