Last updated on 2025-10-20 23:50:18 CEST.
Flavor | Version | Tinstall | Tcheck | Ttotal | Status | Flags |
---|---|---|---|---|---|---|
r-devel-linux-x86_64-debian-clang | 1.6.0 | 25.35 | 216.97 | 242.32 | OK | |
r-devel-linux-x86_64-debian-gcc | 1.6.0 | 14.69 | 126.61 | 141.30 | NOTE | |
r-devel-linux-x86_64-fedora-clang | 1.6.0 | 374.51 | OK | |||
r-devel-linux-x86_64-fedora-gcc | 1.6.0 | 360.07 | OK | |||
r-devel-windows-x86_64 | 1.6.0 | 22.00 | 172.00 | 194.00 | OK | |
r-patched-linux-x86_64 | 1.6.0 | 25.36 | 200.89 | 226.25 | OK | |
r-release-linux-x86_64 | 1.6.0 | 24.19 | 203.08 | 227.27 | OK | |
r-release-macos-arm64 | 1.6.0 | 81.00 | OK | |||
r-release-macos-x86_64 | 1.6.0 | 188.00 | OK | |||
r-release-windows-x86_64 | 1.6.0 | 23.00 | 170.00 | 193.00 | OK | |
r-oldrel-macos-arm64 | 1.6.0 | 82.00 | OK | |||
r-oldrel-macos-x86_64 | 1.6.0 | 171.00 | OK | |||
r-oldrel-windows-x86_64 | 1.6.0 | 32.00 | 233.00 | 265.00 | OK |
Version: 1.6.0
Check: HTML version of manual
Result: NOTE
Found the following HTML validation problems:
bs.html:50:1 (bs.Rd:12): Warning: missing </ul> before </div>
dbConnCheck.html:46:1 (dbConnCheck.Rd:10): Warning: missing </ul> before </div>
dbExistsTable.html:50:1 (dbExistsTable.Rd:12): Warning: missing </ul> before </div>
dbGetDefs.html:50:1 (dbGetDefs.Rd:12): Warning: missing </ul> before </div>
pgCheckGeom.html:56:1 (pgCheckGeom.Rd:15): Warning: missing </ul> before </div>
pgGetGeomQ.html:57:1 (pgGetGeomQ.Rd:17): Warning: missing </ul> before </div>
pgGetSRID.html:54:1 (pgGetSRID.Rd:14): Warning: missing </ul> before </div>
warn_deprecated_rc.html:50:1 (warn_deprecated_rc.Rd:12): Warning: missing </ul> before </div>
warn_deprecated_sp.html:50:1 (warn_deprecated_sp.Rd:12): Warning: missing </ul> before </div>
Flavor: r-devel-linux-x86_64-debian-gcc