Last updated on 2025-11-15 06:49:55 CET.
| Flavor | Version | Tinstall | Tcheck | Ttotal | Status | Flags |
|---|---|---|---|---|---|---|
| r-devel-linux-x86_64-debian-clang | 4.2.1 | 195.08 | 270.06 | 465.14 | OK | |
| r-devel-linux-x86_64-debian-gcc | 4.2.1 | 124.23 | 168.74 | 292.97 | OK | |
| r-devel-linux-x86_64-fedora-clang | 4.2.1 | 359.00 | 390.43 | 749.43 | OK | |
| r-devel-linux-x86_64-fedora-gcc | 4.2.1 | 960.00 | -143.18 | 816.82 | OK | |
| r-devel-windows-x86_64 | 4.2.1 | 190.00 | 281.00 | 471.00 | OK | |
| r-patched-linux-x86_64 | 4.2.1 | 194.07 | 255.23 | 449.30 | OK | |
| r-release-linux-x86_64 | 4.2.1 | 186.52 | 256.56 | 443.08 | OK | |
| r-release-macos-arm64 | 4.2.1 | 78.00 | 88.00 | 166.00 | OK | |
| r-release-macos-x86_64 | 4.2.1 | 125.00 | 188.00 | 313.00 | OK | |
| r-release-windows-x86_64 | 4.2.1 | 185.00 | 285.00 | 470.00 | OK | |
| r-oldrel-macos-arm64 | 4.2.1 | 71.00 | 86.00 | 157.00 | NOTE | |
| r-oldrel-macos-x86_64 | 4.2.1 | 123.00 | 182.00 | 305.00 | NOTE | |
| r-oldrel-windows-x86_64 | 4.2.1 | 250.00 | 349.00 | 599.00 | NOTE |
Version: 4.2.1
Check: installed package size
Result: NOTE
installed size is 16.0Mb
sub-directories of 1Mb or more:
R 5.1Mb
help 1.0Mb
libs 9.6Mb
Flavors: r-oldrel-macos-arm64, r-oldrel-macos-x86_64, r-oldrel-windows-x86_64