Last updated on 2025-11-20 08:48:46 CET.
| Flavor | Version | Tinstall | Tcheck | Ttotal | Status | Flags |
|---|---|---|---|---|---|---|
| r-devel-linux-x86_64-debian-clang | 0.1.3 | 1.45 | 19.77 | 21.22 | NOTE | |
| r-devel-linux-x86_64-debian-gcc | 0.1.3 | 1.38 | 16.16 | 17.54 | NOTE | |
| r-devel-linux-x86_64-fedora-clang | 0.1.3 | 31.20 | OK | |||
| r-devel-linux-x86_64-fedora-gcc | 0.1.3 | 31.09 | OK | |||
| r-devel-windows-x86_64 | 0.1.3 | 5.00 | 37.00 | 42.00 | OK | |
| r-patched-linux-x86_64 | 0.1.3 | 1.95 | 18.46 | 20.41 | OK | |
| r-release-linux-x86_64 | 0.1.3 | 1.60 | 18.47 | 20.07 | OK | |
| r-release-macos-arm64 | 0.1.3 | OK | ||||
| r-release-macos-x86_64 | 0.1.3 | 2.00 | 21.00 | 23.00 | OK | |
| r-release-windows-x86_64 | 0.1.3 | 2.00 | 43.00 | 45.00 | OK | |
| r-oldrel-macos-arm64 | 0.1.3 | OK | ||||
| r-oldrel-macos-x86_64 | 0.1.3 | 2.00 | 18.00 | 20.00 | OK | |
| r-oldrel-windows-x86_64 | 0.1.3 | 3.00 | 40.00 | 43.00 | OK |
Version: 0.1.3
Check: CRAN incoming feasibility
Result: NOTE
Maintainer: ‘Michel Ballings <michel.ballings@gmail.com>’
No Authors@R field in DESCRIPTION.
Please add one, modifying
Authors@R: c(person(given = "Michel",
family = "Ballings",
role = c("aut", "cre"),
email = "michel.ballings@gmail.com"),
person(given = "Dirk",
family = "Van den Poel",
role = "aut"))
as necessary.
Flavors: r-devel-linux-x86_64-debian-clang, r-devel-linux-x86_64-debian-gcc