CRAN Package Check Results for Package rollbar

Last updated on 2025-11-02 15:50:03 CET.

Flavor Version Tinstall Tcheck Ttotal Status Flags
r-devel-linux-x86_64-debian-clang 0.1.0 1.37 19.35 20.72 OK
r-devel-linux-x86_64-debian-gcc 0.1.0 1.46 16.46 17.92 OK
r-devel-linux-x86_64-fedora-clang 0.1.0 29.34 OK
r-devel-linux-x86_64-fedora-gcc 0.1.0 29.73 OK
r-devel-windows-x86_64 0.1.0 3.00 38.00 41.00 OK
r-patched-linux-x86_64 0.1.0 1.76 17.18 18.94 OK
r-release-linux-x86_64 0.1.0 1.65 17.35 19.00 OK
r-release-macos-arm64 0.1.0 1.00 16.00 17.00 OK
r-release-macos-x86_64 0.1.0 2.00 22.00 24.00 OK
r-release-windows-x86_64 0.1.0 4.00 36.00 40.00 OK
r-oldrel-macos-arm64 0.1.0 1.00 13.00 14.00 NOTE
r-oldrel-macos-x86_64 0.1.0 2.00 22.00 24.00 NOTE
r-oldrel-windows-x86_64 0.1.0 3.00 42.00 45.00 NOTE

Check Details

Version: 0.1.0
Check: LazyData
Result: NOTE 'LazyData' is specified without a 'data' directory Flavors: r-oldrel-macos-arm64, r-oldrel-macos-x86_64, r-oldrel-windows-x86_64