Last updated on 2025-11-15 12:49:47 CET.
| Flavor | Version | Tinstall | Tcheck | Ttotal | Status | Flags |
|---|---|---|---|---|---|---|
| r-devel-linux-x86_64-debian-clang | 2.5.2 | 16.52 | 361.38 | 377.90 | OK | |
| r-devel-linux-x86_64-debian-gcc | 2.5.2 | 12.28 | 238.25 | 250.53 | OK | |
| r-devel-linux-x86_64-fedora-clang | 2.5.2 | 90.00 | 545.85 | 635.85 | OK | |
| r-devel-linux-x86_64-fedora-gcc | 2.5.2 | 37.00 | 559.11 | 596.11 | OK | |
| r-devel-windows-x86_64 | 2.5.2 | 32.00 | 332.00 | 364.00 | OK | |
| r-patched-linux-x86_64 | 2.5.2 | 21.66 | 351.55 | 373.21 | OK | |
| r-release-linux-x86_64 | 2.5.2 | 18.05 | 346.42 | 364.47 | OK | |
| r-release-macos-arm64 | 2.5.2 | 12.00 | 151.00 | 163.00 | OK | |
| r-release-macos-x86_64 | 2.5.2 | 21.00 | 301.00 | 322.00 | OK | |
| r-release-windows-x86_64 | 2.5.2 | 29.00 | 338.00 | 367.00 | OK | |
| r-oldrel-macos-arm64 | 2.5.2 | 9.00 | 107.00 | 116.00 | NOTE | |
| r-oldrel-macos-x86_64 | 2.5.2 | 20.00 | 293.00 | 313.00 | NOTE | |
| r-oldrel-windows-x86_64 | 2.5.2 | 37.00 | 460.00 | 497.00 | NOTE |
Version: 2.5.2
Check: installed package size
Result: NOTE
installed size is 17.5Mb
sub-directories of 1Mb or more:
doc 15.2Mb
Flavors: r-oldrel-macos-arm64, r-oldrel-macos-x86_64, r-oldrel-windows-x86_64