CRAN Package Check Results for Package robustlm

Last updated on 2025-07-19 14:48:37 CEST.

Flavor Version Tinstall Tcheck Ttotal Status Flags
r-devel-linux-x86_64-debian-clang 0.1.0 2.07 31.00 33.07 OK
r-devel-linux-x86_64-debian-gcc 0.1.0 1.66 24.91 26.57 OK
r-devel-linux-x86_64-fedora-clang 0.1.0 52.24 OK
r-devel-linux-x86_64-fedora-gcc 0.1.0 63.72 OK
r-devel-windows-x86_64 0.1.0 5.00 49.00 54.00 OK
r-patched-linux-x86_64 0.1.0 1.83 29.67 31.50 OK
r-release-linux-x86_64 0.1.0 1.89 29.86 31.75 OK
r-release-macos-arm64 0.1.0 34.00 OK
r-release-macos-x86_64 0.1.0 48.00 OK
r-release-windows-x86_64 0.1.0 4.00 49.00 53.00 OK
r-oldrel-macos-arm64 0.1.0 26.00 NOTE
r-oldrel-macos-x86_64 0.1.0 36.00 NOTE
r-oldrel-windows-x86_64 0.1.0 3.00 57.00 60.00 NOTE

Check Details

Version: 0.1.0
Check: LazyData
Result: NOTE 'LazyData' is specified without a 'data' directory Flavors: r-oldrel-macos-arm64, r-oldrel-macos-x86_64, r-oldrel-windows-x86_64