Last updated on 2025-10-26 11:50:50 CET.
| Flavor | Version | Tinstall | Tcheck | Ttotal | Status | Flags |
|---|---|---|---|---|---|---|
| r-devel-linux-x86_64-debian-clang | 1.9.0 | 2.84 | 188.54 | 191.38 | NOTE | |
| r-devel-linux-x86_64-debian-gcc | 1.9.0 | 2.49 | 106.74 | 109.23 | NOTE | |
| r-devel-linux-x86_64-fedora-clang | 1.9.0 | 304.23 | NOTE | |||
| r-devel-linux-x86_64-fedora-gcc | 1.9.0 | 14.00 | 303.74 | 317.74 | NOTE | |
| r-devel-windows-x86_64 | 1.9.0 | 5.00 | 171.00 | 176.00 | OK | |
| r-patched-linux-x86_64 | 1.9.0 | 3.38 | 172.87 | 176.25 | OK | |
| r-release-linux-x86_64 | 1.9.0 | 3.34 | 174.76 | 178.10 | OK | |
| r-release-macos-arm64 | 1.9.0 | 2.00 | 85.00 | 87.00 | OK | |
| r-release-macos-x86_64 | 1.9.0 | 2.00 | 160.00 | 162.00 | OK | |
| r-release-windows-x86_64 | 1.9.0 | 5.00 | 177.00 | 182.00 | OK | |
| r-oldrel-macos-arm64 | 1.9.0 | 1.00 | 69.00 | 70.00 | OK | |
| r-oldrel-macos-x86_64 | 1.9.0 | 3.00 | 139.00 | 142.00 | OK | |
| r-oldrel-windows-x86_64 | 1.9.0 | 6.00 | 238.00 | 244.00 | OK |
Version: 1.9.0
Check: CRAN incoming feasibility
Result: NOTE
Maintainer: ‘Bastiaan Quast <bquast@gmail.com>’
The Description field contains
<arXiv:1412.3555>) and vanilla RNN.
Please refer to arXiv e-prints via their arXiv DOI <doi:10.48550/arXiv.YYMM.NNNNN>.
Flavors: r-devel-linux-x86_64-debian-clang, r-devel-linux-x86_64-debian-gcc
Version: 1.9.0
Check: dependencies in R code
Result: NOTE
Namespace in Imports field not imported from: ‘attention’
All declared Imports should be used.
Flavors: r-devel-linux-x86_64-fedora-clang, r-devel-linux-x86_64-fedora-gcc