Last updated on 2025-10-24 18:50:06 CEST.
| Flavor | Version | Tinstall | Tcheck | Ttotal | Status | Flags |
|---|---|---|---|---|---|---|
| r-devel-linux-x86_64-debian-clang | 1.3.1 | 4.49 | 36.00 | 40.49 | NOTE | |
| r-devel-linux-x86_64-debian-gcc | 1.3.1 | 3.49 | 27.71 | 31.20 | NOTE | |
| r-devel-linux-x86_64-fedora-clang | 1.3.1 | 58.72 | OK | |||
| r-devel-linux-x86_64-fedora-gcc | 1.3.1 | 12.00 | 46.66 | 58.66 | OK | |
| r-devel-windows-x86_64 | 1.3.1 | 6.00 | 51.00 | 57.00 | OK | |
| r-patched-linux-x86_64 | 1.3.1 | 4.64 | 33.87 | 38.51 | OK | |
| r-release-linux-x86_64 | 1.3.1 | 3.77 | 33.40 | 37.17 | OK | |
| r-release-macos-arm64 | 1.3.1 | 2.00 | 19.00 | 21.00 | OK | |
| r-release-macos-x86_64 | 1.3.1 | 3.00 | 30.00 | 33.00 | OK | |
| r-release-windows-x86_64 | 1.3.1 | 5.00 | 53.00 | 58.00 | OK | |
| r-oldrel-macos-arm64 | 1.3.1 | 2.00 | 22.00 | 24.00 | OK | |
| r-oldrel-macos-x86_64 | 1.3.1 | 6.00 | 49.00 | 55.00 | OK | |
| r-oldrel-windows-x86_64 | 1.3.1 | 8.00 | 64.00 | 72.00 | OK |
Version: 1.3.1
Check: CRAN incoming feasibility
Result: NOTE
Maintainer: ‘Mark Peterson <mark.phillip.peterson@gmail.com>’
No Authors@R field in DESCRIPTION.
Please add one, modifying
Authors@R: person(given = "Mark",
family = "Peterson",
role = c("aut", "cre"),
email = "mark.phillip.peterson@gmail.com")
as necessary.
Flavors: r-devel-linux-x86_64-debian-clang, r-devel-linux-x86_64-debian-gcc