Last updated on 2025-07-10 08:50:50 CEST.
Flavor | Version | Tinstall | Tcheck | Ttotal | Status | Flags |
---|---|---|---|---|---|---|
r-devel-linux-x86_64-debian-clang | 2025.05.20 | 212.76 | 332.33 | 545.09 | OK | |
r-devel-linux-x86_64-debian-gcc | 2025.05.20 | 135.20 | 208.00 | 343.20 | OK | |
r-devel-linux-x86_64-fedora-clang | 2025.05.20 | 902.90 | OK | |||
r-devel-linux-x86_64-fedora-gcc | 2025.05.20 | 838.19 | OK | |||
r-devel-windows-x86_64 | 2025.05.20 | 213.00 | 314.00 | 527.00 | OK | |
r-patched-linux-x86_64 | 2025.05.20 | 198.64 | 296.02 | 494.66 | OK | |
r-release-linux-x86_64 | 2025.05.20 | 192.97 | 294.96 | 487.93 | OK | |
r-release-macos-arm64 | 2025.05.20 | 195.00 | OK | |||
r-release-macos-x86_64 | 2025.05.20 | 296.00 | OK | |||
r-release-windows-x86_64 | 2025.05.20 | 215.00 | 322.00 | 537.00 | OK | |
r-oldrel-macos-arm64 | 2025.05.20 | 153.00 | NOTE | |||
r-oldrel-macos-x86_64 | 2025.05.20 | 284.00 | NOTE | |||
r-oldrel-windows-x86_64 | 2025.05.20 | 272.00 | 411.00 | 683.00 | OK |
Version: 2025.05.20
Check: installed package size
Result: NOTE
installed size is 12.0Mb
sub-directories of 1Mb or more:
R 2.1Mb
libs 9.4Mb
Flavors: r-oldrel-macos-arm64, r-oldrel-macos-x86_64