Last updated on 2025-07-20 01:49:39 CEST.
Flavor | Version | Tinstall | Tcheck | Ttotal | Status | Flags |
---|---|---|---|---|---|---|
r-devel-linux-x86_64-debian-clang | 1.0.2 | 34.76 | 369.37 | 404.13 | NOTE | |
r-devel-linux-x86_64-debian-gcc | 1.0.2 | 26.87 | 225.28 | 252.15 | NOTE | |
r-devel-linux-x86_64-fedora-clang | 1.0.2 | 634.22 | OK | |||
r-devel-linux-x86_64-fedora-gcc | 1.0.2 | 640.03 | OK | |||
r-devel-windows-x86_64 | 1.0.2 | 41.00 | 499.00 | 540.00 | NOTE | |
r-patched-linux-x86_64 | 1.0.2 | 35.77 | 350.86 | 386.63 | NOTE | |
r-release-linux-x86_64 | 1.0.2 | 36.43 | 352.35 | 388.78 | NOTE | |
r-release-macos-arm64 | 1.0.2 | 182.00 | OK | |||
r-release-macos-x86_64 | 1.0.2 | 406.00 | OK | |||
r-release-windows-x86_64 | 1.0.2 | 42.00 | 479.00 | 521.00 | NOTE | |
r-oldrel-macos-arm64 | 1.0.2 | 147.00 | OK | |||
r-oldrel-macos-x86_64 | 1.0.2 | 283.00 | OK | |||
r-oldrel-windows-x86_64 | 1.0.2 | 51.00 | 575.00 | 626.00 | OK |
Version: 1.0.2
Check: CRAN incoming feasibility
Result: NOTE
Maintainer: ‘Eduardo García-Portugués <edgarcia@est-econ.uc3m.es>’
The BugReports field in DESCRIPTION has
https://github.com/egarpor/ridgetorus
which should likely be
https://github.com/egarpor/ridgetorus/issues
instead.
Flavors: r-devel-linux-x86_64-debian-clang, r-devel-linux-x86_64-debian-gcc
Version: 1.0.2
Check: Rd cross-references
Result: NOTE
Found the following Rd file(s) with Rd \link{} targets missing package
anchors:
bvm.Rd: sdetorus
bwc.Rd: sdetorus
bwn.Rd: sdetorus
ridge_fourier_fit.Rd: sphunif
Please provide package anchors for all Rd \link{} targets not in the
package itself and the base packages.
Flavors: r-devel-linux-x86_64-debian-clang, r-devel-linux-x86_64-debian-gcc, r-devel-windows-x86_64, r-patched-linux-x86_64, r-release-linux-x86_64, r-release-windows-x86_64