Last updated on 2025-10-21 17:49:59 CEST.
Flavor | Version | Tinstall | Tcheck | Ttotal | Status | Flags |
---|---|---|---|---|---|---|
r-devel-linux-x86_64-debian-clang | 1.0.0 | 8.27 | 59.97 | 68.24 | NOTE | |
r-devel-linux-x86_64-debian-gcc | 1.0.0 | 4.96 | 43.78 | 48.74 | NOTE | |
r-devel-linux-x86_64-fedora-clang | 1.0.0 | 18.00 | 84.18 | 102.18 | OK | |
r-devel-linux-x86_64-fedora-gcc | 1.0.0 | 28.00 | 91.82 | 119.82 | OK | |
r-devel-windows-x86_64 | 1.0.0 | 9.00 | 80.00 | 89.00 | OK | |
r-patched-linux-x86_64 | 1.0.0 | 7.93 | 54.67 | 62.60 | OK | |
r-release-linux-x86_64 | 1.0.0 | 6.08 | 55.53 | 61.61 | OK | |
r-release-macos-arm64 | 1.0.0 | 3.00 | 33.00 | 36.00 | OK | |
r-release-macos-x86_64 | 1.0.0 | 6.00 | 69.00 | 75.00 | OK | |
r-release-windows-x86_64 | 1.0.0 | 11.00 | 80.00 | 91.00 | OK | |
r-oldrel-macos-arm64 | 1.0.0 | 3.00 | 38.00 | 41.00 | OK | |
r-oldrel-macos-x86_64 | 1.0.0 | 6.00 | 62.00 | 68.00 | OK | |
r-oldrel-windows-x86_64 | 1.0.0 | 13.00 | 94.00 | 107.00 | OK |
Version: 1.0.0
Check: HTML version of manual
Result: NOTE
Found the following HTML validation problems:
archive_course.html:46:1 (archive_course.Rd:10): Warning: missing </ul> before </div>
commit_to_form.html:54:1 (commit_to_form.Rd:14): Warning: missing </ul> before </div>
create_topic.html:50:1 (create_topic.Rd:12): Warning: missing </ul> before </div>
delete_course.html:46:1 (delete_course.Rd:10): Warning: missing </ul> before </div>
delete_coursework.html:50:1 (delete_coursework.Rd:12): Warning: missing </ul> before </div>
get_course_properties.html:46:1 (get_course_properties.Rd:10): Warning: missing </ul> before </div>
get_coursework_properties.html:50:1 (get_coursework_properties.Rd:12): Warning: missing </ul> before </div>
get_drive_file_list.html:46:1 (get_drive_file_list.Rd:10): Warning: missing </ul> before </div>
get_topic_properties.html:50:1 (get_topic_properties.Rd:12): Warning: missing </ul> before </div>
is.google_forms_request.html:46:1 (is.google_forms_request.Rd:10): Warning: missing </ul> before </div>
publish_coursework.html:50:1 (publish_coursework.Rd:12): Warning: missing </ul> before </div>
Flavors: r-devel-linux-x86_64-debian-clang, r-devel-linux-x86_64-debian-gcc