CRAN Package Check Results for Package rflsgen

Last updated on 2025-07-20 07:48:42 CEST.

Flavor Version Tinstall Tcheck Ttotal Status Flags
r-devel-linux-x86_64-debian-clang 1.2.2 21.23 267.75 288.98 NOTE
r-devel-linux-x86_64-debian-gcc 1.2.2 13.45 179.41 192.86 NOTE
r-devel-linux-x86_64-fedora-clang 1.2.2 476.66 OK
r-devel-linux-x86_64-fedora-gcc 1.2.2 467.55 OK
r-devel-windows-x86_64 1.2.2 19.00 241.00 260.00 OK
r-patched-linux-x86_64 1.2.2 23.63 258.92 282.55 OK
r-release-linux-x86_64 1.2.2 21.47 256.88 278.35 OK
r-release-macos-arm64 1.2.2 134.00 OK
r-release-macos-x86_64 1.2.2 253.00 OK
r-release-windows-x86_64 1.2.2 19.00 239.00 258.00 OK
r-oldrel-macos-arm64 1.2.2 121.00 OK
r-oldrel-macos-x86_64 1.2.2 172.00 OK
r-oldrel-windows-x86_64 1.2.2 30.00 310.00 340.00 OK

Check Details

Version: 1.2.2
Check: CRAN incoming feasibility
Result: NOTE Maintainer: ‘Dimitri Justeau-Allaire <dimitri.justeau@gmail.com>’ No Authors@R field in DESCRIPTION. Please add one, modifying Authors@R: c(person(given = "Dimitri", family = "Justeau-Allaire", role = c("aut", "cre"), email = "dimitri.justeau@gmail.com"), person(given = "Grégoire", family = "Blanchard", role = "aut"), person(given = "Thomas", family = "Ibanez", role = "aut"), person(given = "Xavier", family = "Lorca", role = "aut"), person(given = "Ghislain", family = "Vieilledent", role = "aut"), person(given = "Philippe", family = "Birnbaum", role = "aut")) as necessary. Flavors: r-devel-linux-x86_64-debian-clang, r-devel-linux-x86_64-debian-gcc