Last updated on 2025-10-21 23:51:07 CEST.
Flavor | Version | Tinstall | Tcheck | Ttotal | Status | Flags |
---|---|---|---|---|---|---|
r-devel-linux-x86_64-debian-clang | 0.26.6.14 | 17.47 | 33.46 | 50.93 | NOTE | |
r-devel-linux-x86_64-debian-gcc | 0.26.6.14 | 10.68 | 26.01 | 36.69 | NOTE | |
r-devel-linux-x86_64-fedora-clang | 0.26.6.14 | 32.00 | 45.26 | 77.26 | OK | |
r-devel-linux-x86_64-fedora-gcc | 0.26.6.14 | 74.00 | 4.16 | 78.16 | OK | |
r-devel-windows-x86_64 | 0.26.6.14 | 22.00 | 67.00 | 89.00 | OK | |
r-patched-linux-x86_64 | 0.26.6.14 | 16.79 | 31.39 | 48.18 | NOTE | |
r-release-linux-x86_64 | 0.26.6.14 | 15.92 | 31.47 | 47.39 | NOTE | |
r-release-macos-arm64 | 0.26.6.14 | 8.00 | 18.00 | 26.00 | OK | |
r-release-macos-x86_64 | 0.26.6.14 | 10.00 | 30.00 | 40.00 | OK | |
r-release-windows-x86_64 | 0.26.6.14 | 22.00 | 74.00 | 96.00 | OK | |
r-oldrel-macos-arm64 | 0.26.6.14 | 8.00 | 18.00 | 26.00 | OK | |
r-oldrel-macos-x86_64 | 0.26.6.14 | 10.00 | 26.00 | 36.00 | OK | |
r-oldrel-windows-x86_64 | 0.26.6.14 | 19.00 | 84.00 | 103.00 | OK |
Version: 0.26.6.14
Check: for unstated dependencies in ‘demo’
Result: NOTE
'::' or ':::' import not declared from: ‘Matrix’
'library' or 'require' call not declared from: ‘Matrix’
Flavors: r-devel-linux-x86_64-debian-clang, r-devel-linux-x86_64-debian-gcc, r-patched-linux-x86_64, r-release-linux-x86_64