CRAN Package Check Results for Package rewie

Last updated on 2025-11-15 00:50:38 CET.

Flavor Version Tinstall Tcheck Ttotal Status Flags
r-devel-linux-x86_64-debian-clang 0.1.0 1.60 25.11 26.71 OK
r-devel-linux-x86_64-debian-gcc 0.1.0 1.20 19.53 20.73 OK
r-devel-linux-x86_64-fedora-clang 0.1.0 12.00 31.13 43.13 NOTE
r-devel-linux-x86_64-fedora-gcc 0.1.0 41.89 NOTE
r-devel-windows-x86_64 0.1.0 5.00 43.00 48.00 OK
r-patched-linux-x86_64 0.1.0 1.91 23.83 25.74 OK
r-release-linux-x86_64 0.1.0 1.81 24.23 26.04 OK
r-release-macos-arm64 0.1.0 1.00 21.00 22.00 OK
r-release-macos-x86_64 0.1.0 2.00 26.00 28.00 OK
r-release-windows-x86_64 0.1.0 4.00 44.00 48.00 OK
r-oldrel-macos-arm64 0.1.0 1.00 17.00 18.00 NOTE
r-oldrel-macos-x86_64 0.1.0 1.00 24.00 25.00 NOTE
r-oldrel-windows-x86_64 0.1.0 4.00 49.00 53.00 NOTE

Check Details

Version: 0.1.0
Check: dependencies in R code
Result: NOTE Namespace in Imports field not imported from: ‘MASS’ All declared Imports should be used. Flavors: r-devel-linux-x86_64-fedora-clang, r-devel-linux-x86_64-fedora-gcc

Version: 0.1.0
Check: LazyData
Result: NOTE 'LazyData' is specified without a 'data' directory Flavors: r-oldrel-macos-arm64, r-oldrel-macos-x86_64, r-oldrel-windows-x86_64