Last updated on 2025-07-25 07:49:42 CEST.
Flavor | Version | Tinstall | Tcheck | Ttotal | Status | Flags |
---|---|---|---|---|---|---|
r-devel-linux-x86_64-debian-clang | 2.2.4 | 62.09 | 242.95 | 305.04 | OK | |
r-devel-linux-x86_64-debian-gcc | 2.2.4 | 45.86 | 187.01 | 232.87 | OK | |
r-devel-linux-x86_64-fedora-clang | 2.2.4 | 489.31 | OK | |||
r-devel-linux-x86_64-fedora-gcc | 2.2.4 | 509.25 | OK | |||
r-devel-windows-x86_64 | 2.2.4 | 66.00 | 319.00 | 385.00 | OK | |
r-patched-linux-x86_64 | 2.2.4 | 64.29 | 262.21 | 326.50 | OK | |
r-release-linux-x86_64 | 2.2.4 | 60.94 | 262.72 | 323.66 | OK | |
r-release-macos-arm64 | 2.2.4 | 182.00 | OK | |||
r-release-macos-x86_64 | 2.2.4 | 672.00 | OK | |||
r-release-windows-x86_64 | 2.2.4 | 64.00 | 299.00 | 363.00 | OK | |
r-oldrel-macos-arm64 | 2.2.4 | 185.00 | NOTE | |||
r-oldrel-macos-x86_64 | 2.2.4 | 641.00 | NOTE | |||
r-oldrel-windows-x86_64 | 2.2.4 | 79.00 | 396.00 | 475.00 | OK |
Version: 2.2.4
Check: installed package size
Result: NOTE
installed size is 9.5Mb
sub-directories of 1Mb or more:
doc 1.9Mb
libs 7.0Mb
Flavors: r-oldrel-macos-arm64, r-oldrel-macos-x86_64