Last updated on 2025-11-25 10:50:22 CET.
| Flavor | Version | Tinstall | Tcheck | Ttotal | Status | Flags |
|---|---|---|---|---|---|---|
| r-devel-linux-x86_64-debian-clang | 0.1.0 | 1.71 | 20.24 | 21.95 | OK | |
| r-devel-linux-x86_64-debian-gcc | 0.1.0 | 1.47 | 16.68 | 18.15 | OK | |
| r-devel-linux-x86_64-fedora-clang | 0.1.0 | 31.34 | OK | |||
| r-devel-linux-x86_64-fedora-gcc | 0.1.0 | 30.66 | OK | |||
| r-devel-windows-x86_64 | 0.1.0 | 4.00 | 41.00 | 45.00 | OK | |
| r-patched-linux-x86_64 | 0.1.0 | 2.02 | 18.72 | 20.74 | OK | |
| r-release-linux-x86_64 | 0.1.0 | 1.81 | 18.66 | 20.47 | OK | |
| r-release-macos-arm64 | 0.1.0 | OK | ||||
| r-release-macos-x86_64 | 0.1.0 | 2.00 | 19.00 | 21.00 | OK | |
| r-release-windows-x86_64 | 0.1.0 | 2.00 | 50.00 | 52.00 | OK | |
| r-oldrel-macos-arm64 | 0.1.0 | NOTE | ||||
| r-oldrel-macos-x86_64 | 0.1.0 | 2.00 | 19.00 | 21.00 | NOTE | |
| r-oldrel-windows-x86_64 | 0.1.0 | 4.00 | 46.00 | 50.00 | NOTE |
Version: 0.1.0
Check: LazyData
Result: NOTE
'LazyData' is specified without a 'data' directory
Flavors: r-oldrel-macos-arm64, r-oldrel-macos-x86_64, r-oldrel-windows-x86_64