CRAN Package Check Results for Package reliabilitydiag

Last updated on 2025-11-24 22:50:16 CET.

Flavor Version Tinstall Tcheck Ttotal Status Flags
r-devel-linux-x86_64-debian-clang 0.2.1 6.59 70.65 77.24 NOTE
r-devel-linux-x86_64-debian-gcc 0.2.1 4.53 50.27 54.80 NOTE
r-devel-linux-x86_64-fedora-clang 0.2.1 17.00 102.38 119.38 OK
r-devel-linux-x86_64-fedora-gcc 0.2.1 14.00 98.91 112.91 OK
r-devel-windows-x86_64 0.2.1 13.00 85.00 98.00 OK
r-patched-linux-x86_64 0.2.1 4.73 65.21 69.94 OK
r-release-linux-x86_64 0.2.1 7.04 65.30 72.34 OK
r-release-macos-arm64 0.2.1 OK
r-release-macos-x86_64 0.2.1 5.00 47.00 52.00 OK
r-release-windows-x86_64 0.2.1 8.00 76.00 84.00 OK
r-oldrel-macos-arm64 0.2.1 OK
r-oldrel-macos-x86_64 0.2.1 4.00 35.00 39.00 OK
r-oldrel-windows-x86_64 0.2.1 10.00 98.00 108.00 OK

Check Details

Version: 0.2.1
Check: CRAN incoming feasibility
Result: NOTE Maintainer: ‘Alexander I. Jordan <alexander.jordan@h-its.org>’ Package CITATION file contains call(s) to old-style citEntry(). Please use bibentry() instead. Flavors: r-devel-linux-x86_64-debian-clang, r-devel-linux-x86_64-debian-gcc