Last updated on 2025-07-22 09:50:43 CEST.
Flavor | Version | Tinstall | Tcheck | Ttotal | Status | Flags |
---|---|---|---|---|---|---|
r-devel-linux-x86_64-debian-clang | 2.1.0 | 44.99 | 706.34 | 751.33 | NOTE | |
r-devel-linux-x86_64-debian-gcc | 2.1.0 | 29.48 | 447.01 | 476.49 | NOTE | |
r-devel-linux-x86_64-fedora-clang | 2.1.0 | 1245.09 | NOTE | |||
r-devel-linux-x86_64-fedora-gcc | 2.1.0 | 1174.01 | NOTE | |||
r-devel-windows-x86_64 | 2.1.0 | 51.00 | 687.00 | 738.00 | NOTE | |
r-patched-linux-x86_64 | 2.1.0 | 47.70 | 691.07 | 738.77 | NOTE | |
r-release-linux-x86_64 | 2.1.0 | 42.31 | 690.93 | 733.24 | NOTE | |
r-release-macos-arm64 | 2.1.0 | 353.00 | NOTE | |||
r-release-macos-x86_64 | 2.1.0 | 747.00 | NOTE | |||
r-release-windows-x86_64 | 2.1.0 | 55.00 | 668.00 | 723.00 | NOTE | |
r-oldrel-macos-arm64 | 2.1.0 | 377.00 | NOTE | |||
r-oldrel-macos-x86_64 | 2.1.0 | 543.00 | NOTE | |||
r-oldrel-windows-x86_64 | 2.1.0 | 67.00 | 1062.00 | 1129.00 | NOTE |
Version: 2.1.0
Check: C++ specification
Result: NOTE
Specified C++11: please drop specification unless essential
Flavors: r-devel-linux-x86_64-debian-clang, r-devel-linux-x86_64-debian-gcc, r-devel-linux-x86_64-fedora-clang, r-devel-linux-x86_64-fedora-gcc, r-devel-windows-x86_64, r-patched-linux-x86_64, r-release-linux-x86_64, r-release-macos-arm64, r-release-macos-x86_64, r-release-windows-x86_64, r-oldrel-macos-arm64, r-oldrel-macos-x86_64, r-oldrel-windows-x86_64
Version: 2.1.0
Check: Rd cross-references
Result: NOTE
Found the following Rd file(s) with Rd \link{} targets missing package
anchors:
gfpca_twoStep.Rd: gamm4
Please provide package anchors for all Rd \link{} targets not in the
package itself and the base packages.
Flavors: r-devel-linux-x86_64-debian-clang, r-devel-linux-x86_64-debian-gcc, r-devel-windows-x86_64, r-patched-linux-x86_64, r-release-linux-x86_64, r-release-windows-x86_64