Last updated on 2025-10-22 11:51:22 CEST.
Flavor | Version | Tinstall | Tcheck | Ttotal | Status | Flags |
---|---|---|---|---|---|---|
r-devel-linux-x86_64-debian-clang | 2.11.3 | 10.34 | 109.84 | 120.18 | NOTE | |
r-devel-linux-x86_64-debian-gcc | 2.11.3 | 7.55 | 77.14 | 84.69 | NOTE | |
r-devel-linux-x86_64-fedora-clang | 2.11.3 | 23.00 | 147.35 | 170.35 | OK | |
r-devel-linux-x86_64-fedora-gcc | 2.11.3 | 24.00 | 153.63 | 177.63 | OK | |
r-devel-windows-x86_64 | 2.11.3 | 13.00 | 177.00 | 190.00 | OK | |
r-patched-linux-x86_64 | 2.11.3 | 14.59 | 105.70 | 120.29 | OK | |
r-release-linux-x86_64 | 2.11.3 | 11.45 | 104.51 | 115.96 | OK | |
r-release-macos-arm64 | 2.11.3 | 4.00 | 57.00 | 61.00 | OK | |
r-release-macos-x86_64 | 2.11.3 | 10.00 | 114.00 | 124.00 | OK | |
r-release-windows-x86_64 | 2.11.3 | 16.00 | 190.00 | 206.00 | OK | |
r-oldrel-macos-arm64 | 2.11.3 | 8.00 | 64.00 | 72.00 | OK | |
r-oldrel-macos-x86_64 | 2.11.3 | 12.00 | 112.00 | 124.00 | OK | |
r-oldrel-windows-x86_64 | 2.11.3 | 18.00 | 193.00 | 211.00 | OK |
Version: 2.11.3
Check: HTML version of manual
Result: NOTE
Found the following HTML validation problems:
Extraction.html:58:1 (Extraction.Rd:18): Warning: missing </ul> before </div>
as.character.response.html:52:1 (as.character.response.Rd:13): Warning: missing </ul> before </div>
checkbox_suffixes.html:53:1 (checkbox_suffixes.Rd:12): Warning: missing </ul> before </div>
exportDataQuality.html:59:1 (exportDataQuality.Rd:17): Warning: missing </ul> before </div>
fileRepositoryPath.html:59:1 (fileRepositoryPath.Rd:19): Warning: missing </ul> before </div>
writeDataForImport.html:47:1 (writeDataForImport.Rd:10): Warning: missing </ul> before </div>
Flavors: r-devel-linux-x86_64-debian-clang, r-devel-linux-x86_64-debian-gcc