Last updated on 2025-10-22 05:51:24 CEST.
Flavor | Version | Tinstall | Tcheck | Ttotal | Status | Flags |
---|---|---|---|---|---|---|
r-devel-linux-x86_64-debian-clang | 0.11.0 | 40.90 | 45.19 | 86.09 | NOTE | |
r-devel-linux-x86_64-debian-gcc | 0.11.0 | 33.00 | 34.01 | 67.01 | NOTE | |
r-devel-linux-x86_64-fedora-clang | 0.11.0 | 49.00 | 101.79 | 150.79 | OK | |
r-devel-linux-x86_64-fedora-gcc | 0.11.0 | 63.00 | 100.15 | 163.15 | OK | |
r-devel-windows-x86_64 | 0.11.0 | 46.00 | 85.00 | 131.00 | OK | |
r-patched-linux-x86_64 | 0.11.0 | 44.82 | 42.15 | 86.97 | OK | |
r-release-linux-x86_64 | 0.11.0 | 43.76 | 42.05 | 85.81 | OK | |
r-release-macos-arm64 | 0.11.0 | 19.00 | 58.00 | 77.00 | OK | |
r-release-macos-x86_64 | 0.11.0 | 26.00 | 86.00 | 112.00 | OK | |
r-release-windows-x86_64 | 0.11.0 | 46.00 | 85.00 | 131.00 | OK | |
r-oldrel-macos-arm64 | 0.11.0 | 17.00 | 75.00 | 92.00 | OK | |
r-oldrel-macos-x86_64 | 0.11.0 | 21.00 | 106.00 | 127.00 | OK | |
r-oldrel-windows-x86_64 | 0.11.0 | 51.00 | 99.00 | 150.00 | OK |
Version: 0.11.0
Check: HTML version of manual
Result: NOTE
Found the following HTML validation problems:
saveToExport.html:47:1 (saveToExport.Rd:10): Warning: missing </ul> before </div>
Flavors: r-devel-linux-x86_64-debian-clang, r-devel-linux-x86_64-debian-gcc