Last updated on 2025-10-21 17:49:59 CEST.
Flavor | Version | Tinstall | Tcheck | Ttotal | Status | Flags |
---|---|---|---|---|---|---|
r-devel-linux-x86_64-debian-clang | 0.4.4 | 3.96 | 47.24 | 51.20 | NOTE | |
r-devel-linux-x86_64-debian-gcc | 0.4.4 | 2.85 | 35.63 | 38.48 | NOTE | |
r-devel-linux-x86_64-fedora-clang | 0.4.4 | 25.00 | 53.40 | 78.40 | OK | |
r-devel-linux-x86_64-fedora-gcc | 0.4.4 | 69.52 | OK | |||
r-devel-windows-x86_64 | 0.4.4 | 6.00 | 63.00 | 69.00 | OK | |
r-patched-linux-x86_64 | 0.4.4 | 3.35 | 43.08 | 46.43 | OK | |
r-release-linux-x86_64 | 0.4.4 | 3.50 | 42.47 | 45.97 | OK | |
r-release-macos-arm64 | 0.4.4 | 3.00 | 39.00 | 42.00 | OK | |
r-release-macos-x86_64 | 0.4.4 | 5.00 | 45.00 | 50.00 | OK | |
r-release-windows-x86_64 | 0.4.4 | 6.00 | 64.00 | 70.00 | OK | |
r-oldrel-macos-arm64 | 0.4.4 | 2.00 | 25.00 | 27.00 | OK | |
r-oldrel-macos-x86_64 | 0.4.4 | 3.00 | 36.00 | 39.00 | OK | |
r-oldrel-windows-x86_64 | 0.4.4 | 11.00 | 78.00 | 89.00 | OK |
Version: 0.4.4
Check: HTML version of manual
Result: NOTE
Found the following HTML validation problems:
as.tags.reactable.html:56:1 (as.tags.reactable.Rd:15): Warning: missing </ul> before </div>
knit_print.reactable.html:50:1 (knit_print.reactable.Rd:12): Warning: missing </ul> before </div>
widget_html.reactable.html:58:1 (widget_html.reactable.Rd:16): Warning: missing </ul> before </div>
Flavors: r-devel-linux-x86_64-debian-clang, r-devel-linux-x86_64-debian-gcc