Last updated on 2025-10-23 05:52:05 CEST.
Flavor | Version | Tinstall | Tcheck | Ttotal | Status | Flags |
---|---|---|---|---|---|---|
r-devel-linux-x86_64-debian-clang | 0.2.9 | 5.97 | 59.07 | 65.04 | NOTE | |
r-devel-linux-x86_64-debian-gcc | 0.2.9 | 4.23 | 43.66 | 47.89 | OK | |
r-devel-linux-x86_64-fedora-clang | 0.2.9 | 12.00 | 86.50 | 98.50 | OK | |
r-devel-linux-x86_64-fedora-gcc | 0.2.9 | 12.00 | 96.36 | 108.36 | OK | |
r-devel-windows-x86_64 | 0.2.9 | 7.00 | 72.00 | 79.00 | OK | |
r-patched-linux-x86_64 | 0.2.9 | 5.87 | 55.42 | 61.29 | OK | |
r-release-linux-x86_64 | 0.2.9 | 6.00 | 55.44 | 61.44 | OK | |
r-release-macos-arm64 | 0.2.9 | 3.00 | 34.00 | 37.00 | OK | |
r-release-macos-x86_64 | 0.2.9 | 5.00 | 62.00 | 67.00 | OK | |
r-release-windows-x86_64 | 0.2.9 | 9.00 | 73.00 | 82.00 | OK | |
r-oldrel-macos-arm64 | 0.2.9 | 3.00 | 38.00 | 41.00 | OK | |
r-oldrel-macos-x86_64 | 0.2.9 | 6.00 | 80.00 | 86.00 | OK | |
r-oldrel-windows-x86_64 | 0.2.9 | 12.00 | 86.00 | 98.00 | OK |
Version: 0.2.9
Check: HTML version of manual
Result: NOTE
Found the following HTML validation problems:
c.rdf.html:51:1 (c.rdf.Rd:10): Warning: missing </ul> before </div>
Flavor: r-devel-linux-x86_64-debian-clang