CRAN Package Check Results for Package rde

Last updated on 2025-07-19 14:48:35 CEST.

Flavor Version Tinstall Tcheck Ttotal Status Flags
r-devel-linux-x86_64-debian-clang 0.1.0 1.88 26.79 28.67 OK
r-devel-linux-x86_64-debian-gcc 0.1.0 1.51 21.12 22.63 OK
r-devel-linux-x86_64-fedora-clang 0.1.0 48.73 OK
r-devel-linux-x86_64-fedora-gcc 0.1.0 56.79 OK
r-devel-windows-x86_64 0.1.0 3.00 47.00 50.00 OK
r-patched-linux-x86_64 0.1.0 1.84 25.48 27.32 OK
r-release-linux-x86_64 0.1.0 1.82 26.02 27.84 OK
r-release-macos-arm64 0.1.0 22.00 OK
r-release-macos-x86_64 0.1.0 36.00 OK
r-release-windows-x86_64 0.1.0 3.00 47.00 50.00 OK
r-oldrel-macos-arm64 0.1.0 22.00 NOTE
r-oldrel-macos-x86_64 0.1.0 31.00 NOTE
r-oldrel-windows-x86_64 0.1.0 4.00 52.00 56.00 NOTE

Additional issues

donttest

Check Details

Version: 0.1.0
Check: LazyData
Result: NOTE 'LazyData' is specified without a 'data' directory Flavors: r-oldrel-macos-arm64, r-oldrel-macos-x86_64, r-oldrel-windows-x86_64