Last updated on 2025-07-21 20:50:13 CEST.
Flavor | Version | Tinstall | Tcheck | Ttotal | Status | Flags |
---|---|---|---|---|---|---|
r-devel-linux-x86_64-debian-clang | 0.1.4 | 3.68 | 451.01 | 454.69 | OK | |
r-devel-linux-x86_64-debian-gcc | 0.1.4 | 2.21 | 50.77 | 52.98 | ERROR | |
r-devel-linux-x86_64-fedora-clang | 0.1.4 | 741.85 | OK | |||
r-devel-linux-x86_64-fedora-gcc | 0.1.4 | 715.31 | OK | |||
r-devel-windows-x86_64 | 0.1.4 | 6.00 | 398.00 | 404.00 | OK | |
r-patched-linux-x86_64 | 0.1.4 | 4.80 | 432.27 | 437.07 | OK | |
r-release-linux-x86_64 | 0.1.4 | 3.89 | 433.55 | 437.44 | OK | |
r-release-macos-arm64 | 0.1.4 | 266.00 | OK | |||
r-release-macos-x86_64 | 0.1.4 | 430.00 | OK | |||
r-release-windows-x86_64 | 0.1.4 | 6.00 | 404.00 | 410.00 | OK | |
r-oldrel-macos-arm64 | 0.1.4 | 356.00 | OK | |||
r-oldrel-macos-x86_64 | 0.1.4 | 445.00 | OK | |||
r-oldrel-windows-x86_64 | 0.1.4 | 8.00 | 511.00 | 519.00 | OK |
Version: 0.1.4
Check: examples
Result: ERROR
Running examples in ‘rcrisp-Ex.R’ failed
The error most likely occurred in:
> base::assign(".ptime", proc.time(), pos = "CheckExEnv")
> ### Name: flatten_network
> ### Title: Flatten a network by adding points at apparent intersections.
> ### Aliases: flatten_network
>
> ### ** Examples
>
> bucharest_osm <- get_osm_example_data()
Cannot open data source /tmp/RtmpiNCxWP/file90c2e5f6444a9.gpkg
Error: Open failed.
Execution halted
Flavor: r-devel-linux-x86_64-debian-gcc
Version: 0.1.4
Check: tests
Result: ERROR
Running ‘testthat.R’ [2s/2s]
Running the tests in ‘tests/testthat.R’ failed.
Complete output:
> # This file is part of the standard setup for testthat.
> # It is recommended that you do not modify it.
> #
> # Where should you do additional test configuration?
> # Learn more about the roles of various files in:
> # * https://r-pkgs.org/testing-design.html#sec-tests-files-overview
> # * https://testthat.r-lib.org/articles/special-files.html
>
> library(testthat)
> library(rcrisp)
>
> test_check("rcrisp")
Cannot open data source /tmp/RtmpZfCR6T/file91b5c2190b836.gpkg
Error in `FUN()`:
! In path: "/home/hornik/tmp/R.check/r-devel-gcc/Work/PKGS/rcrisp.Rcheck/tests/testthat/helper-exampledata.R"
Caused by error:
! Open failed.
Backtrace:
▆
1. ├─testthat::test_check("rcrisp")
2. │ └─testthat::test_dir(...)
3. │ └─testthat:::test_files(...)
4. │ └─testthat:::test_files_serial(...)
5. │ └─testthat:::test_files_setup_state(...)
6. │ └─testthat::source_test_helpers(".", env)
7. │ └─testthat::source_dir(path, "^helper.*\\.[rR]$", env = env, wrap = FALSE)
8. │ └─base::lapply(...)
9. │ └─testthat (local) FUN(X[[i]], ...)
10. │ └─testthat::source_file(path, env = env, chdir = chdir, wrap = wrap)
11. │ ├─base::withCallingHandlers(...)
12. │ └─base::eval(exprs, env)
13. │ └─base::eval(exprs, env)
14. │ └─rcrisp::get_osm_example_data() at tests/testthat/helper-exampledata.R:2:1
15. │ └─sf::st_layers(temp_file)
16. │ └─sf:::CPL_get_layers(dsn, options, do_count)
17. ├─base::stop(`<Rcpp::xc>`)
18. └─testthat (local) `<fn>`(`<Rcpp::xc>`)
19. └─rlang::abort(...)
Execution halted
Flavor: r-devel-linux-x86_64-debian-gcc
Version: 0.1.4
Check: re-building of vignette outputs
Result: ERROR
Error(s) in re-building vignettes:
...
--- re-building ‘vig_01-method.Rmd’ using rmarkdown
--- finished re-building ‘vig_01-method.Rmd’
--- re-building ‘vig_02-getting-osm-data.Rmd’ using rmarkdown
Quitting from vig_02-getting-osm-data.Rmd:10-21 [unnamed-chunk-1]
~~~~~~~~~~~~~~~~~~~~~~~~~~~~~~~~~~~~~~~~~~~~~~~~~~~~~~~~~~~~~~~~~~~~~~~~~~~~~~~~
<error/rlang_error>
Error:
! Open failed.
---
Backtrace:
▆
1. └─rcrisp::get_osm_example_data()
2. └─sf::st_layers(temp_file)
3. └─sf:::CPL_get_layers(dsn, options, do_count)
~~~~~~~~~~~~~~~~~~~~~~~~~~~~~~~~~~~~~~~~~~~~~~~~~~~~~~~~~~~~~~~~~~~~~~~~~~~~~~~~
Error: processing vignette 'vig_02-getting-osm-data.Rmd' failed with diagnostics:
Open failed.
--- failed re-building ‘vig_02-getting-osm-data.Rmd’
--- re-building ‘vig_03-network-preparation.Rmd’ using rmarkdown
Quitting from vig_03-network-preparation.Rmd:17-25 [setup]
~~~~~~~~~~~~~~~~~~~~~~~~~~~~~~~~~~~~~~~~~~~~~~~~~~~~~~~~~~~~~~~~~~~~~~~~~~~~~~~~
<error/rlang_error>
Error:
! Open failed.
---
Backtrace:
▆
1. └─rcrisp::get_osm_example_data()
2. └─sf::st_layers(temp_file)
3. └─sf:::CPL_get_layers(dsn, options, do_count)
~~~~~~~~~~~~~~~~~~~~~~~~~~~~~~~~~~~~~~~~~~~~~~~~~~~~~~~~~~~~~~~~~~~~~~~~~~~~~~~~
Error: processing vignette 'vig_03-network-preparation.Rmd' failed with diagnostics:
Open failed.
--- failed re-building ‘vig_03-network-preparation.Rmd’
--- re-building ‘vig_04-valley-delineation.Rmd’ using rmarkdown
Quitting from vig_04-valley-delineation.Rmd:28-41 [setup]
~~~~~~~~~~~~~~~~~~~~~~~~~~~~~~~~~~~~~~~~~~~~~~~~~~~~~~~~~~~~~~~~~~~~~~~~~~~~~~~~
<error/rlang_error>
Error:
! Open failed.
---
Backtrace:
▆
1. └─rcrisp::get_osm_example_data()
2. └─sf::st_layers(temp_file)
3. └─sf:::CPL_get_layers(dsn, options, do_count)
~~~~~~~~~~~~~~~~~~~~~~~~~~~~~~~~~~~~~~~~~~~~~~~~~~~~~~~~~~~~~~~~~~~~~~~~~~~~~~~~
Error: processing vignette 'vig_04-valley-delineation.Rmd' failed with diagnostics:
Open failed.
--- failed re-building ‘vig_04-valley-delineation.Rmd’
--- re-building ‘vig_05-corridor-delineation.Rmd’ using rmarkdown
Quitting from vig_05-corridor-delineation.Rmd:18-24 [setup]
~~~~~~~~~~~~~~~~~~~~~~~~~~~~~~~~~~~~~~~~~~~~~~~~~~~~~~~~~~~~~~~~~~~~~~~~~~~~~~~~
<error/rlang_error>
Error:
! Open failed.
---
Backtrace:
▆
1. └─rcrisp::get_osm_example_data()
2. └─sf::st_layers(temp_file)
3. └─sf:::CPL_get_layers(dsn, options, do_count)
~~~~~~~~~~~~~~~~~~~~~~~~~~~~~~~~~~~~~~~~~~~~~~~~~~~~~~~~~~~~~~~~~~~~~~~~~~~~~~~~
Error: processing vignette 'vig_05-corridor-delineation.Rmd' failed with diagnostics:
Open failed.
--- failed re-building ‘vig_05-corridor-delineation.Rmd’
--- re-building ‘vig_06-corridor-segmentation.Rmd’ using rmarkdown
Quitting from vig_06-corridor-segmentation.Rmd:18-24 [setup]
~~~~~~~~~~~~~~~~~~~~~~~~~~~~~~~~~~~~~~~~~~~~~~~~~~~~~~~~~~~~~~~~~~~~~~~~~~~~~~~~
<error/rlang_error>
Error:
! Open failed.
---
Backtrace:
▆
1. └─rcrisp::get_osm_example_data()
2. └─sf::st_layers(temp_file)
3. └─sf:::CPL_get_layers(dsn, options, do_count)
~~~~~~~~~~~~~~~~~~~~~~~~~~~~~~~~~~~~~~~~~~~~~~~~~~~~~~~~~~~~~~~~~~~~~~~~~~~~~~~~
Error: processing vignette 'vig_06-corridor-segmentation.Rmd' failed with diagnostics:
Open failed.
--- failed re-building ‘vig_06-corridor-segmentation.Rmd’
--- re-building ‘vig_07-riverspace-delineation.Rmd’ using rmarkdown
Quitting from vig_07-riverspace-delineation.Rmd:18-24 [setup]
~~~~~~~~~~~~~~~~~~~~~~~~~~~~~~~~~~~~~~~~~~~~~~~~~~~~~~~~~~~~~~~~~~~~~~~~~~~~~~~~
<error/rlang_error>
Error:
! Open failed.
---
Backtrace:
▆
1. └─rcrisp::get_osm_example_data()
2. └─sf::st_layers(temp_file)
3. └─sf:::CPL_get_layers(dsn, options, do_count)
~~~~~~~~~~~~~~~~~~~~~~~~~~~~~~~~~~~~~~~~~~~~~~~~~~~~~~~~~~~~~~~~~~~~~~~~~~~~~~~~
Error: processing vignette 'vig_07-riverspace-delineation.Rmd' failed with diagnostics:
Open failed.
--- failed re-building ‘vig_07-riverspace-delineation.Rmd’
SUMMARY: processing the following files failed:
‘vig_02-getting-osm-data.Rmd’ ‘vig_03-network-preparation.Rmd’
‘vig_04-valley-delineation.Rmd’ ‘vig_05-corridor-delineation.Rmd’
‘vig_06-corridor-segmentation.Rmd’
‘vig_07-riverspace-delineation.Rmd’
Error: Vignette re-building failed.
Execution halted
Flavor: r-devel-linux-x86_64-debian-gcc