Last updated on 2025-07-16 23:49:24 CEST.
Flavor | Version | Tinstall | Tcheck | Ttotal | Status | Flags |
---|---|---|---|---|---|---|
r-devel-linux-x86_64-debian-clang | 1.3 | 6.53 | 58.06 | 64.59 | NOTE | |
r-devel-linux-x86_64-debian-gcc | 1.3 | 4.05 | 42.13 | 46.18 | NOTE | |
r-devel-linux-x86_64-fedora-clang | 1.3 | 104.34 | OK | |||
r-devel-linux-x86_64-fedora-gcc | 1.3 | 107.54 | OK | |||
r-devel-windows-x86_64 | 1.3 | 10.00 | 80.00 | 90.00 | NOTE | |
r-patched-linux-x86_64 | 1.3 | 8.47 | 52.50 | 60.97 | NOTE | |
r-release-linux-x86_64 | 1.3 | 6.24 | 53.15 | 59.39 | NOTE | |
r-release-macos-arm64 | 1.3 | 49.00 | OK | |||
r-release-macos-x86_64 | 1.3 | 70.00 | OK | |||
r-release-windows-x86_64 | 1.3 | 10.00 | 81.00 | 91.00 | NOTE | |
r-oldrel-macos-arm64 | 1.3 | 40.00 | OK | |||
r-oldrel-macos-x86_64 | 1.3 | 70.00 | OK | |||
r-oldrel-windows-x86_64 | 1.3 | 11.00 | 92.00 | 103.00 | OK |
Version: 1.3
Check: Rd cross-references
Result: NOTE
Found the following Rd file(s) with Rd \link{} targets missing package
anchors:
add_github_actions_citation.Rd: cffr
Please provide package anchors for all Rd \link{} targets not in the
package itself and the base packages.
Flavors: r-devel-linux-x86_64-debian-clang, r-devel-linux-x86_64-debian-gcc, r-devel-windows-x86_64, r-patched-linux-x86_64, r-release-linux-x86_64, r-release-windows-x86_64