Last updated on 2025-11-16 18:49:41 CET.
| Flavor | Version | Tinstall | Tcheck | Ttotal | Status | Flags |
|---|---|---|---|---|---|---|
| r-devel-linux-x86_64-debian-clang | 0.2.0 | 28.99 | 381.19 | 410.18 | OK | |
| r-devel-linux-x86_64-debian-gcc | 0.2.0 | 18.19 | 237.71 | 255.90 | NOTE | |
| r-devel-linux-x86_64-fedora-clang | 0.2.0 | 66.00 | 597.33 | 663.33 | OK | |
| r-devel-linux-x86_64-fedora-gcc | 0.2.0 | 77.00 | 582.69 | 659.69 | OK | |
| r-devel-windows-x86_64 | 0.2.0 | 29.00 | 282.00 | 311.00 | OK | |
| r-patched-linux-x86_64 | 0.2.0 | 28.39 | 363.54 | 391.93 | OK | |
| r-release-linux-x86_64 | 0.2.0 | 27.58 | 361.83 | 389.41 | OK | |
| r-release-macos-arm64 | 0.2.0 | 12.00 | 140.00 | 152.00 | OK | |
| r-release-macos-x86_64 | 0.2.0 | 28.00 | 352.00 | 380.00 | OK | |
| r-release-windows-x86_64 | 0.2.0 | 25.00 | 285.00 | 310.00 | OK | |
| r-oldrel-macos-arm64 | 0.2.0 | 11.00 | 144.00 | 155.00 | OK | |
| r-oldrel-macos-x86_64 | 0.2.0 | 24.00 | 331.00 | 355.00 | OK | |
| r-oldrel-windows-x86_64 | 0.2.0 | 37.00 | 387.00 | 424.00 | OK |
Version: 0.2.0
Check: CRAN incoming feasibility
Result: NOTE
Maintainer: ‘Michael D. Sumner <mdsumner@gmail.com>’
The BugReports field in DESCRIPTION has
https://github.com/AustralianAntarcticDivision/rbgm/issues/
which should likely be
https://github.com/AustralianAntarcticDivision/rbgm/issues/issues
instead.
Flavor: r-devel-linux-x86_64-debian-gcc