Last updated on 2025-10-22 17:49:48 CEST.
Flavor | Version | Tinstall | Tcheck | Ttotal | Status | Flags |
---|---|---|---|---|---|---|
r-devel-linux-x86_64-debian-clang | 0.38.10 | 489.24 | 85.97 | 575.21 | OK | |
r-devel-linux-x86_64-debian-gcc | 0.38.10 | 358.29 | 59.76 | 418.05 | OK | |
r-devel-linux-x86_64-fedora-clang | 0.38.10 | 780.00 | 300.93 | 1080.93 | OK | |
r-devel-linux-x86_64-fedora-gcc | 0.38.10 | 780.00 | 329.49 | 1109.49 | OK | |
r-devel-windows-x86_64 | 0.38.10 | 655.00 | 146.00 | 801.00 | OK | |
r-patched-linux-x86_64 | 0.38.10 | 543.71 | 80.22 | 623.93 | OK | |
r-release-linux-x86_64 | 0.38.10 | 550.77 | 80.57 | 631.34 | OK | |
r-release-macos-arm64 | 0.38.10 | 164.00 | 34.00 | 198.00 | OK | |
r-release-macos-x86_64 | 0.38.10 | 110.00 | 70.00 | 180.00 | OK | |
r-release-windows-x86_64 | 0.38.10 | 706.00 | 145.00 | 851.00 | OK | |
r-oldrel-macos-arm64 | 0.38.10 | 153.00 | 35.00 | 188.00 | NOTE | |
r-oldrel-macos-x86_64 | 0.38.10 | 119.00 | 66.00 | 185.00 | NOTE | |
r-oldrel-windows-x86_64 | 0.38.10 | 776.00 | 172.00 | 948.00 | NOTE |
Version: 0.38.10
Check: installed package size
Result: NOTE
installed size is 26.3Mb
sub-directories of 1Mb or more:
libs 25.4Mb
Flavors: r-oldrel-macos-arm64, r-oldrel-macos-x86_64, r-oldrel-windows-x86_64