Last updated on 2025-10-24 11:50:55 CEST.
| Flavor | Version | Tinstall | Tcheck | Ttotal | Status | Flags |
|---|---|---|---|---|---|---|
| r-devel-linux-x86_64-debian-clang | 2.0.3 | 32.96 | 366.92 | 399.88 | NOTE | |
| r-devel-linux-x86_64-debian-gcc | 2.0.3 | 20.62 | 229.56 | 250.18 | NOTE | |
| r-devel-linux-x86_64-fedora-clang | 2.0.3 | 396.00 | 302.62 | 698.62 | OK | |
| r-devel-linux-x86_64-fedora-gcc | 2.0.3 | 71.00 | 539.11 | 610.11 | OK | |
| r-devel-windows-x86_64 | 2.0.3 | 32.00 | 274.00 | 306.00 | OK | |
| r-patched-linux-x86_64 | 2.0.3 | 28.86 | 342.24 | 371.10 | OK | |
| r-release-linux-x86_64 | 2.0.3 | 29.57 | 341.41 | 370.98 | OK | |
| r-release-macos-arm64 | 2.0.3 | 12.00 | 124.00 | 136.00 | OK | |
| r-release-macos-x86_64 | 2.0.3 | 26.00 | 248.00 | 274.00 | OK | |
| r-release-windows-x86_64 | 2.0.3 | 54.00 | 280.00 | 334.00 | OK | |
| r-oldrel-macos-arm64 | 2.0.3 | 11.00 | 101.00 | 112.00 | OK | |
| r-oldrel-macos-x86_64 | 2.0.3 | 18.00 | 200.00 | 218.00 | OK | |
| r-oldrel-windows-x86_64 | 2.0.3 | 43.00 | 384.00 | 427.00 | OK |
Version: 2.0.3
Check: CRAN incoming feasibility
Result: NOTE
Maintainer: ‘Mihai Valcu <valcu@orn.mpg.de>’
Package CITATION file contains call(s) to old-style personList() or
as.personList(). Please use c() on person objects instead.
Package CITATION file contains call(s) to old-style citEntry(). Please
use bibentry() instead.
Flavors: r-devel-linux-x86_64-debian-clang, r-devel-linux-x86_64-debian-gcc