Last updated on 2025-10-25 18:50:23 CEST.
| Flavor | Version | Tinstall | Tcheck | Ttotal | Status | Flags |
|---|---|---|---|---|---|---|
| r-devel-linux-x86_64-debian-clang | 2.0.5 | 10.64 | 70.20 | 80.84 | NOTE | |
| r-devel-linux-x86_64-debian-gcc | 2.0.5 | 9.07 | 52.83 | 61.90 | NOTE | |
| r-devel-linux-x86_64-fedora-clang | 2.0.5 | 28.00 | 90.73 | 118.73 | OK | |
| r-devel-linux-x86_64-fedora-gcc | 2.0.5 | 59.00 | 76.80 | 135.80 | NOTE | |
| r-devel-windows-x86_64 | 2.0.5 | 32.00 | 120.00 | 152.00 | OK | |
| r-patched-linux-x86_64 | 2.0.5 | 10.82 | 66.45 | 77.27 | OK | |
| r-release-linux-x86_64 | 2.0.5 | 10.77 | 66.63 | 77.40 | OK | |
| r-release-macos-arm64 | 2.0.5 | 14.00 | 57.00 | 71.00 | OK | |
| r-release-macos-x86_64 | 2.0.5 | 22.00 | 92.00 | 114.00 | OK | |
| r-release-windows-x86_64 | 2.0.5 | 31.00 | 134.00 | 165.00 | OK | |
| r-oldrel-macos-arm64 | 2.0.5 | 12.00 | 54.00 | 66.00 | OK | |
| r-oldrel-macos-x86_64 | 2.0.5 | 23.00 | 105.00 | 128.00 | OK | |
| r-oldrel-windows-x86_64 | 2.0.5 | 25.00 | 126.00 | 151.00 | OK |
Version: 2.0.5
Check: Rd files
Result: NOTE
checkRd: (-1) overall-doc.Rd:29-34: Only 2 columns allowed in this table (row 3 has 1)
Flavors: r-devel-linux-x86_64-debian-clang, r-devel-linux-x86_64-debian-gcc, r-devel-linux-x86_64-fedora-gcc