Last updated on 2025-10-31 01:49:08 CET.
| Flavor | Version | Tinstall | Tcheck | Ttotal | Status | Flags | 
|---|---|---|---|---|---|---|
| r-devel-linux-x86_64-debian-clang | 0.3.3 | 4.34 | 41.31 | 45.65 | NOTE | |
| r-devel-linux-x86_64-debian-gcc | 0.3.3 | 3.32 | 31.43 | 34.75 | NOTE | |
| r-devel-linux-x86_64-fedora-clang | 0.3.3 | 21.00 | 52.90 | 73.90 | NOTE | |
| r-devel-linux-x86_64-fedora-gcc | 0.3.3 | 64.75 | NOTE | |||
| r-devel-windows-x86_64 | 0.3.3 | 7.00 | 57.00 | 64.00 | NOTE | |
| r-patched-linux-x86_64 | 0.3.3 | 4.41 | 38.01 | 42.42 | NOTE | |
| r-release-linux-x86_64 | 0.3.3 | 4.12 | 37.93 | 42.05 | NOTE | |
| r-release-macos-arm64 | 0.3.3 | 2.00 | 23.00 | 25.00 | NOTE | |
| r-release-macos-x86_64 | 0.3.3 | 5.00 | 36.00 | 41.00 | NOTE | |
| r-release-windows-x86_64 | 0.3.3 | 6.00 | 60.00 | 66.00 | NOTE | |
| r-oldrel-macos-arm64 | 0.3.3 | 2.00 | 20.00 | 22.00 | OK | |
| r-oldrel-macos-x86_64 | 0.3.3 | 5.00 | 39.00 | 44.00 | OK | |
| r-oldrel-windows-x86_64 | 0.3.3 | 8.00 | 69.00 | 77.00 | OK | 
Version: 0.3.3
Check: DESCRIPTION meta-information
Result: NOTE
    Missing dependency on R >= 4.1.0 because package code uses the pipe
    |> or function shorthand \(...) syntax added in R 4.1.0.
    File(s) using such syntax:
      ‘ao_get_leaners_progress_by_course.R’
Flavors: r-devel-linux-x86_64-debian-clang, r-devel-linux-x86_64-debian-gcc, r-devel-linux-x86_64-fedora-clang, r-devel-linux-x86_64-fedora-gcc, r-devel-windows-x86_64, r-patched-linux-x86_64, r-release-linux-x86_64, r-release-macos-arm64, r-release-macos-x86_64, r-release-windows-x86_64