Last updated on 2025-10-26 11:50:51 CET.
| Flavor | Version | Tinstall | Tcheck | Ttotal | Status | Flags | 
|---|---|---|---|---|---|---|
| r-devel-linux-x86_64-debian-clang | 1.0.9 | 2.26 | 33.67 | 35.93 | NOTE | |
| r-devel-linux-x86_64-debian-gcc | 1.0.9 | 2.85 | 25.67 | 28.52 | NOTE | |
| r-devel-linux-x86_64-fedora-clang | 1.0.9 | 19.00 | 40.89 | 59.89 | OK | |
| r-devel-linux-x86_64-fedora-gcc | 1.0.9 | 18.00 | 39.42 | 57.42 | OK | |
| r-devel-windows-x86_64 | 1.0.9 | 5.00 | 50.00 | 55.00 | OK | |
| r-patched-linux-x86_64 | 1.0.9 | 4.30 | 32.37 | 36.67 | OK | |
| r-release-linux-x86_64 | 1.0.9 | 3.12 | 31.76 | 34.88 | OK | |
| r-release-macos-arm64 | 1.0.9 | 2.00 | 20.00 | 22.00 | OK | |
| r-release-macos-x86_64 | 1.0.9 | 4.00 | 31.00 | 35.00 | OK | |
| r-release-windows-x86_64 | 1.0.9 | 5.00 | 51.00 | 56.00 | OK | |
| r-oldrel-macos-arm64 | 1.0.9 | 2.00 | 18.00 | 20.00 | OK | |
| r-oldrel-macos-x86_64 | 1.0.9 | 3.00 | 34.00 | 37.00 | OK | |
| r-oldrel-windows-x86_64 | 1.0.9 | 6.00 | 59.00 | 65.00 | OK | 
Version: 1.0.9
Check: CRAN incoming feasibility
Result: NOTE
  Maintainer: ‘Haydar Demirhan <haydar.demirhan@rmit.edu.au>’
  
  No Authors@R field in DESCRIPTION.
  Please add one, modifying
    Authors@R: person(given = "Haydar",
                      family = "Demirhan",
                      role = c("aut", "cre"),
                      email = "haydar.demirhan@rmit.edu.au")
  as necessary.
Flavors: r-devel-linux-x86_64-debian-clang, r-devel-linux-x86_64-debian-gcc