Last updated on 2025-07-24 06:49:37 CEST.
Flavor | Version | Tinstall | Tcheck | Ttotal | Status | Flags |
---|---|---|---|---|---|---|
r-devel-linux-x86_64-debian-clang | 1.15.4 | 132.19 | 74.98 | 207.17 | NOTE | |
r-devel-linux-x86_64-debian-gcc | 1.15.4 | 101.68 | 57.80 | 159.48 | NOTE | |
r-devel-linux-x86_64-fedora-clang | 1.15.4 | 378.22 | NOTE | |||
r-devel-linux-x86_64-fedora-gcc | 1.15.4 | 395.05 | NOTE | |||
r-devel-windows-x86_64 | 1.15.4 | 136.00 | 178.00 | 314.00 | NOTE | |
r-patched-linux-x86_64 | 1.15.4 | 145.71 | 72.17 | 217.88 | NOTE | |
r-release-linux-x86_64 | 1.15.4 | 141.08 | 72.58 | 213.66 | NOTE | |
r-release-macos-arm64 | 1.15.4 | 100.00 | NOTE | |||
r-release-macos-x86_64 | 1.15.4 | 119.00 | NOTE | |||
r-release-windows-x86_64 | 1.15.4 | 139.00 | 184.00 | 323.00 | NOTE | |
r-oldrel-macos-arm64 | 1.15.4 | 126.00 | NOTE | |||
r-oldrel-macos-x86_64 | 1.15.4 | 106.00 | NOTE | |||
r-oldrel-windows-x86_64 | 1.15.4 | 154.00 | 222.00 | 376.00 | OK |
Version: 1.15.4
Check: compiled code
Result: NOTE
File ‘rEDM/libs/rEDM.so’:
Found ‘_ZSt4cout’, possibly from ‘std::cout’ (C++)
Objects: ‘cppEDM/lib/libEDM.a’, ‘cppEDM/src/libEDM.a’
Compiled code should not call entry points which might terminate R nor
write to stdout/stderr instead of to the console, nor use Fortran I/O
nor system RNGs nor [v]sprintf.
See ‘Writing portable packages’ in the ‘Writing R Extensions’ manual.
Flavors: r-devel-linux-x86_64-debian-clang, r-devel-linux-x86_64-debian-gcc, r-devel-linux-x86_64-fedora-gcc, r-patched-linux-x86_64, r-release-linux-x86_64
Version: 1.15.4
Check: compiled code
Result: NOTE
File ‘rEDM/libs/rEDM.so’:
Found ‘_ZNSt3__14coutE’, possibly from ‘std::cout’ (C++)
Objects: ‘cppEDM/lib/libEDM.a’, ‘cppEDM/src/libEDM.a’
Compiled code should not call entry points which might terminate R nor
write to stdout/stderr instead of to the console, nor use Fortran I/O
nor system RNGs nor [v]sprintf.
See ‘Writing portable packages’ in the ‘Writing R Extensions’ manual.
Flavor: r-devel-linux-x86_64-fedora-clang
Version: 1.15.4
Check: compiled code
Result: NOTE
File 'rEDM/libs/x64/rEDM.dll':
Found '_ZSt4cout', possibly from 'std::cout' (C++)
Objects: 'cppEDM/lib/libEDM.a', 'cppEDM/src/libEDM.a'
Compiled code should not call entry points which might terminate R nor
write to stdout/stderr instead of to the console, nor use Fortran I/O
nor system RNGs nor [v]sprintf.
See 'Writing portable packages' in the 'Writing R Extensions' manual.
Flavors: r-devel-windows-x86_64, r-release-windows-x86_64
Version: 1.15.4
Check: compiled code
Result: NOTE
File ‘rEDM/libs/rEDM.so’:
Found ‘__ZNSt3__14coutE’, possibly from ‘std::cout’ (C++)
Objects: ‘cppEDM/lib/libEDM.a’, ‘cppEDM/src/libEDM.a’
Compiled code should not call entry points which might terminate R nor
write to stdout/stderr instead of to the console, nor use Fortran I/O
nor system RNGs nor [v]sprintf.
See ‘Writing portable packages’ in the ‘Writing R Extensions’ manual.
Flavors: r-release-macos-arm64, r-release-macos-x86_64
Version: 1.15.4
Check: installed package size
Result: NOTE
installed size is 11.9Mb
sub-directories of 1Mb or more:
libs 11.1Mb
Flavors: r-oldrel-macos-arm64, r-oldrel-macos-x86_64