Last updated on 2025-10-21 17:49:58 CEST.
Flavor | Version | Tinstall | Tcheck | Ttotal | Status | Flags |
---|---|---|---|---|---|---|
r-devel-linux-x86_64-debian-clang | 0.1.2 | 3.81 | 66.53 | 70.34 | NOTE | |
r-devel-linux-x86_64-debian-gcc | 0.1.2 | 3.11 | 53.14 | 56.25 | NOTE | |
r-devel-linux-x86_64-fedora-clang | 0.1.2 | 105.81 | OK | |||
r-devel-linux-x86_64-fedora-gcc | 0.1.2 | 13.00 | 110.10 | 123.10 | OK | |
r-devel-windows-x86_64 | 0.1.2 | 10.00 | 105.00 | 115.00 | OK | |
r-patched-linux-x86_64 | 0.1.2 | 5.55 | 63.02 | 68.57 | OK | |
r-release-linux-x86_64 | 0.1.2 | 4.08 | 63.59 | 67.67 | OK | |
r-release-macos-arm64 | 0.1.2 | 2.00 | 45.00 | 47.00 | OK | |
r-release-macos-x86_64 | 0.1.2 | 4.00 | 78.00 | 82.00 | OK | |
r-release-windows-x86_64 | 0.1.2 | 12.00 | 105.00 | 117.00 | OK | |
r-oldrel-macos-arm64 | 0.1.2 | 3.00 | 50.00 | 53.00 | NOTE | |
r-oldrel-macos-x86_64 | 0.1.2 | 5.00 | 74.00 | 79.00 | NOTE | |
r-oldrel-windows-x86_64 | 0.1.2 | 13.00 | 126.00 | 139.00 | NOTE |
Version: 0.1.2
Check: HTML version of manual
Result: NOTE
Found the following HTML validation problems:
dot-m_multi_spec.html:52:1 (dot-m_multi_spec.Rd:13): Warning: missing </ul> before </div>
m_stop_animate.html:47:1 (m_stop_animate.Rd:11): Warning: missing </ul> before </div>
m_viewer_spec.html:98:1 (m_viewer_spec.Rd:43): Warning: missing </ul> before </div>
r3dmol-shiny.html:68:1 (r3dmol-shiny.Rd:25): Warning: missing </ul> before </div>
Flavors: r-devel-linux-x86_64-debian-clang, r-devel-linux-x86_64-debian-gcc
Version: 0.1.2
Check: installed package size
Result: NOTE
installed size is 11.5Mb
sub-directories of 1Mb or more:
doc 9.9Mb
Flavors: r-oldrel-macos-arm64, r-oldrel-macos-x86_64, r-oldrel-windows-x86_64