Last updated on 2025-11-16 00:48:42 CET.
| Flavor | Version | Tinstall | Tcheck | Ttotal | Status | Flags |
|---|---|---|---|---|---|---|
| r-devel-linux-x86_64-debian-clang | 0.3 | 2.88 | 38.36 | 41.24 | OK | |
| r-devel-linux-x86_64-debian-gcc | 0.3 | 2.34 | 33.26 | 35.60 | OK | |
| r-devel-linux-x86_64-fedora-clang | 0.3 | 60.65 | NOTE | |||
| r-devel-linux-x86_64-fedora-gcc | 0.3 | 74.93 | NOTE | |||
| r-devel-windows-x86_64 | 0.3 | 6.00 | 63.00 | 69.00 | OK | |
| r-patched-linux-x86_64 | 0.3 | 3.08 | 37.75 | 40.83 | OK | |
| r-release-linux-x86_64 | 0.3 | 2.77 | 37.92 | 40.69 | OK | |
| r-release-macos-arm64 | 0.3 | 2.00 | 36.00 | 38.00 | OK | |
| r-release-macos-x86_64 | 0.3 | 2.00 | 65.00 | 67.00 | OK | |
| r-release-windows-x86_64 | 0.3 | 5.00 | 62.00 | 67.00 | OK | |
| r-oldrel-macos-arm64 | 0.3 | 1.00 | 34.00 | 35.00 | NOTE | |
| r-oldrel-macos-x86_64 | 0.3 | 5.00 | 124.00 | 129.00 | NOTE | |
| r-oldrel-windows-x86_64 | 0.3 | 6.00 | 65.00 | 71.00 | NOTE |
Version: 0.3
Check: dependencies in R code
Result: NOTE
Namespace in Imports field not imported from: ‘utils’
All declared Imports should be used.
Flavors: r-devel-linux-x86_64-fedora-clang, r-devel-linux-x86_64-fedora-gcc
Version: 0.3
Check: installed package size
Result: NOTE
installed size is 5.1Mb
Flavors: r-oldrel-macos-arm64, r-oldrel-macos-x86_64, r-oldrel-windows-x86_64