Last updated on 2025-10-22 11:51:21 CEST.
Flavor | Version | Tinstall | Tcheck | Ttotal | Status | Flags |
---|---|---|---|---|---|---|
r-devel-linux-x86_64-debian-clang | 0.4.28 | 14.39 | 84.72 | 99.11 | NOTE | |
r-devel-linux-x86_64-debian-gcc | 0.4.28 | 9.86 | 56.39 | 66.25 | NOTE | |
r-devel-linux-x86_64-fedora-clang | 0.4.28 | 34.00 | 118.30 | 152.30 | OK | |
r-devel-linux-x86_64-fedora-gcc | 0.4.28 | 36.00 | 109.70 | 145.70 | OK | |
r-devel-windows-x86_64 | 0.4.28 | 17.00 | 98.00 | 115.00 | OK | |
r-patched-linux-x86_64 | 0.4.28 | 17.60 | 80.64 | 98.24 | NOTE | |
r-release-linux-x86_64 | 0.4.28 | 13.45 | 78.51 | 91.96 | NOTE | |
r-release-macos-arm64 | 0.4.28 | 7.00 | 32.00 | 39.00 | OK | |
r-release-macos-x86_64 | 0.4.28 | 12.00 | 57.00 | 69.00 | OK | |
r-release-windows-x86_64 | 0.4.28 | 17.00 | 99.00 | 116.00 | OK | |
r-oldrel-macos-arm64 | 0.4.28 | 6.00 | 35.00 | 41.00 | OK | |
r-oldrel-macos-x86_64 | 0.4.28 | 17.00 | 64.00 | 81.00 | OK | |
r-oldrel-windows-x86_64 | 0.4.28 | 24.00 | 119.00 | 143.00 | OK |
Version: 0.4.28
Check: R code for possible problems
Result: NOTE
Found the following calls to attach():
File ‘quantmod/R/attachSymbols.R’:
attach(NULL, pos = pos, name = DB$name)
attach(NULL, pos = pos, name = DB$name)
See section ‘Good practice’ in ‘?attach’.
Flavors: r-devel-linux-x86_64-debian-clang, r-devel-linux-x86_64-debian-gcc, r-patched-linux-x86_64, r-release-linux-x86_64