Last updated on 2025-10-31 14:49:50 CET.
| Flavor | Version | Tinstall | Tcheck | Ttotal | Status | Flags | 
|---|---|---|---|---|---|---|
| r-devel-linux-x86_64-debian-clang | 0.1.2 | 300.90 | 145.04 | 445.94 | NOTE | |
| r-devel-linux-x86_64-debian-gcc | 0.1.2 | 278.86 | 125.53 | 404.39 | NOTE | |
| r-devel-linux-x86_64-fedora-clang | 0.1.2 | 600.00 | 100.80 | 700.80 | NOTE | |
| r-devel-linux-x86_64-fedora-gcc | 0.1.2 | 1380.00 | -439.34 | 940.66 | NOTE | |
| r-devel-windows-x86_64 | 0.1.2 | 361.00 | 178.00 | 539.00 | NOTE | |
| r-patched-linux-x86_64 | 0.1.2 | 378.61 | 169.48 | 548.09 | NOTE | |
| r-release-linux-x86_64 | 0.1.2 | 374.65 | 168.54 | 543.19 | NOTE | |
| r-release-macos-arm64 | 0.1.2 | 112.00 | 49.00 | 161.00 | NOTE | |
| r-release-macos-x86_64 | 0.1.2 | 206.00 | 137.00 | 343.00 | NOTE | |
| r-release-windows-x86_64 | 0.1.2 | 358.00 | 184.00 | 542.00 | NOTE | |
| r-oldrel-macos-arm64 | 0.1.2 | 65.00 | 33.00 | 98.00 | NOTE | |
| r-oldrel-macos-x86_64 | 0.1.2 | 62.00 | 53.00 | 115.00 | NOTE | |
| r-oldrel-windows-x86_64 | 0.1.2 | 409.00 | 223.00 | 632.00 | NOTE | 
Version: 0.1.2
Check: CRAN incoming feasibility
Result: NOTE
  Maintainer: ‘Jonas Moss <jonas.gjertsen@gmail.com>’
  
  The Description field contains
    <arXiv:1911.12445>.
  Please refer to arXiv e-prints via their arXiv DOI <doi:10.48550/arXiv.YYMM.NNNNN>.
Flavors: r-devel-linux-x86_64-debian-clang, r-devel-linux-x86_64-debian-gcc
Version: 0.1.2
Check: Rd files
Result: NOTE
  checkRd: (-1) ma.Rd:62: Lost braces
      62 | \item{yi}{Numeric vector of length code{k} with observed effect size
         |                                        ^
  checkRd: (-1) ma.Rd:65: Lost braces
      65 | \item{vi}{Numeric vector of length code{k} with sampling variances.}
         |                                        ^
Flavors: r-devel-linux-x86_64-debian-clang, r-devel-linux-x86_64-debian-gcc, r-devel-linux-x86_64-fedora-clang, r-devel-linux-x86_64-fedora-gcc, r-devel-windows-x86_64, r-patched-linux-x86_64, r-release-linux-x86_64, r-release-macos-arm64, r-release-macos-x86_64, r-release-windows-x86_64, r-oldrel-macos-arm64, r-oldrel-macos-x86_64, r-oldrel-windows-x86_64
Version: 0.1.2
Check: installed package size
Result: NOTE
    installed size is 61.2Mb
    sub-directories of 1Mb or more:
      libs  60.7Mb
Flavors: r-oldrel-macos-arm64, r-oldrel-macos-x86_64
Version: 0.1.2
Check: for GNU extensions in Makefiles
Result: NOTE
  GNU make is a SystemRequirements.
Flavors: r-oldrel-macos-arm64, r-oldrel-macos-x86_64