Last updated on 2025-10-24 18:50:04 CEST.
| Flavor | Version | Tinstall | Tcheck | Ttotal | Status | Flags | 
|---|---|---|---|---|---|---|
| r-devel-linux-x86_64-debian-clang | 0.4-27 | 4.71 | 33.77 | 38.48 | NOTE | |
| r-devel-linux-x86_64-debian-gcc | 0.4-27 | 3.73 | 26.27 | 30.00 | NOTE | |
| r-devel-linux-x86_64-fedora-clang | 0.4-27 | 59.91 | NOTE | |||
| r-devel-linux-x86_64-fedora-gcc | 0.4-27 | 18.00 | 55.03 | 73.03 | NOTE | |
| r-devel-windows-x86_64 | 0.4-27 | 10.00 | 66.00 | 76.00 | NOTE | |
| r-patched-linux-x86_64 | 0.4-27 | 4.42 | 32.03 | 36.45 | NOTE | |
| r-release-linux-x86_64 | 0.4-27 | 3.92 | 31.70 | 35.62 | NOTE | |
| r-release-macos-arm64 | 0.4-27 | 4.00 | 25.00 | 29.00 | NOTE | |
| r-release-macos-x86_64 | 0.4-27 | 5.00 | 48.00 | 53.00 | NOTE | |
| r-release-windows-x86_64 | 0.4-27 | 9.00 | 70.00 | 79.00 | NOTE | |
| r-oldrel-macos-arm64 | 0.4-27 | 4.00 | 29.00 | 33.00 | OK | |
| r-oldrel-macos-x86_64 | 0.4-27 | 4.00 | 41.00 | 45.00 | OK | |
| r-oldrel-windows-x86_64 | 0.4-27 | 9.00 | 76.00 | 85.00 | OK | 
Version: 0.4-27
Check: compiled code
Result: NOTE
  File ‘proxy/libs/proxy.so’:
    Found non-API calls to R: ‘OBJECT’, ‘Rf_NonNullStringMatch’
  
  Compiled code should not call non-API entry points in R.
  
  See ‘Writing portable packages’ in the ‘Writing R Extensions’ manual,
  and section ‘Moving into C API compliance’ for issues with the use of
  non-API entry points.
Flavors: r-devel-linux-x86_64-debian-clang, r-devel-linux-x86_64-debian-gcc, r-devel-linux-x86_64-fedora-clang, r-devel-linux-x86_64-fedora-gcc, r-patched-linux-x86_64, r-release-linux-x86_64, r-release-macos-arm64, r-release-macos-x86_64
Version: 0.4-27
Check: compiled code
Result: NOTE
  File 'proxy/libs/x64/proxy.dll':
    Found non-API calls to R: 'OBJECT', 'Rf_NonNullStringMatch'
  
  Compiled code should not call non-API entry points in R.
  
  See 'Writing portable packages' in the 'Writing R Extensions' manual,
  and section 'Moving into C API compliance' for issues with the use of
  non-API entry points.
Flavors: r-devel-windows-x86_64, r-release-windows-x86_64