CRAN Package Check Results for Package provSummarizeR

Last updated on 2025-07-28 07:50:40 CEST.

Flavor Version Tinstall Tcheck Ttotal Status Flags
r-devel-linux-x86_64-debian-clang 1.5.1 2.10 23.45 25.55 OK
r-devel-linux-x86_64-debian-gcc 1.5.1 1.53 19.23 20.76 OK
r-devel-linux-x86_64-fedora-clang 1.5.1 43.15 OK
r-devel-linux-x86_64-fedora-gcc 1.5.1 54.79 OK
r-devel-windows-x86_64 1.5.1 4.00 54.00 58.00 OK
r-patched-linux-x86_64 1.5.1 2.16 22.18 24.34 OK
r-release-linux-x86_64 1.5.1 1.82 22.08 23.90 OK
r-release-macos-arm64 1.5.1 30.00 OK
r-release-macos-x86_64 1.5.1 39.00 OK
r-release-windows-x86_64 1.5.1 3.00 43.00 46.00 OK
r-oldrel-macos-arm64 1.5.1 84.00 NOTE
r-oldrel-macos-x86_64 1.5.1 36.00 NOTE
r-oldrel-windows-x86_64 1.5.1 4.00 49.00 53.00 NOTE

Check Details

Version: 1.5.1
Check: package dependencies
Result: NOTE Package suggested but not available for checking: ‘rdt’ Flavors: r-oldrel-macos-arm64, r-oldrel-macos-x86_64, r-oldrel-windows-x86_64