Last updated on 2025-10-31 07:51:54 CET.
| Flavor | Version | Tinstall | Tcheck | Ttotal | Status | Flags | 
|---|---|---|---|---|---|---|
| r-devel-linux-x86_64-debian-clang | 0.1.3 | 1.75 | 22.94 | 24.69 | NOTE | |
| r-devel-linux-x86_64-debian-gcc | 0.1.3 | 1.40 | 18.74 | 20.14 | NOTE | |
| r-devel-linux-x86_64-fedora-clang | 0.1.3 | 34.74 | NOTE | |||
| r-devel-linux-x86_64-fedora-gcc | 0.1.3 | 35.39 | NOTE | |||
| r-devel-windows-x86_64 | 0.1.3 | 3.00 | 41.00 | 44.00 | NOTE | |
| r-patched-linux-x86_64 | 0.1.3 | 1.72 | 20.86 | 22.58 | NOTE | |
| r-release-linux-x86_64 | 0.1.3 | 1.67 | 20.55 | 22.22 | NOTE | |
| r-release-macos-arm64 | 0.1.3 | 1.00 | 15.00 | 16.00 | NOTE | |
| r-release-macos-x86_64 | 0.1.3 | 2.00 | 26.00 | 28.00 | NOTE | |
| r-release-windows-x86_64 | 0.1.3 | 4.00 | 47.00 | 51.00 | NOTE | |
| r-oldrel-macos-arm64 | 0.1.3 | 1.00 | 15.00 | 16.00 | OK | |
| r-oldrel-macos-x86_64 | 0.1.3 | 1.00 | 20.00 | 21.00 | OK | |
| r-oldrel-windows-x86_64 | 0.1.3 | 4.00 | 48.00 | 52.00 | OK | 
Version: 0.1.3
Check: DESCRIPTION meta-information
Result: NOTE
    Missing dependency on R >= 4.1.0 because package code uses the pipe
    |> or function shorthand \(...) syntax added in R 4.1.0.
    File(s) using such syntax:
      ‘build_url.R’
Flavors: r-devel-linux-x86_64-debian-clang, r-devel-linux-x86_64-debian-gcc, r-devel-linux-x86_64-fedora-clang, r-devel-linux-x86_64-fedora-gcc, r-devel-windows-x86_64, r-patched-linux-x86_64, r-release-linux-x86_64, r-release-macos-arm64, r-release-macos-x86_64, r-release-windows-x86_64