Last updated on 2025-11-14 12:50:20 CET.
| Flavor | Version | Tinstall | Tcheck | Ttotal | Status | Flags |
|---|---|---|---|---|---|---|
| r-devel-linux-x86_64-debian-clang | 1.0.6 | 10.03 | 237.67 | 247.70 | OK | |
| r-devel-linux-x86_64-debian-gcc | 1.0.6 | 6.15 | 168.80 | 174.95 | OK | |
| r-devel-linux-x86_64-fedora-clang | 1.0.6 | 20.00 | 230.98 | 250.98 | OK | |
| r-devel-linux-x86_64-fedora-gcc | 1.0.6 | 23.00 | 392.97 | 415.97 | OK | |
| r-devel-windows-x86_64 | 1.0.6 | 16.00 | 220.00 | 236.00 | OK | |
| r-patched-linux-x86_64 | 1.0.6 | 10.00 | 228.97 | 238.97 | OK | |
| r-release-linux-x86_64 | 1.0.6 | 9.88 | 230.69 | 240.57 | OK | |
| r-release-macos-arm64 | 1.0.6 | 7.00 | 105.00 | 112.00 | OK | |
| r-release-macos-x86_64 | 1.0.6 | 26.00 | 385.00 | 411.00 | OK | |
| r-release-windows-x86_64 | 1.0.6 | 16.00 | 218.00 | 234.00 | OK | |
| r-oldrel-macos-arm64 | 1.0.6 | 7.00 | 110.00 | 117.00 | NOTE | |
| r-oldrel-macos-x86_64 | 1.0.6 | 23.00 | 395.00 | 418.00 | NOTE | |
| r-oldrel-windows-x86_64 | 1.0.6 | 23.00 | 336.00 | 359.00 | NOTE |
Version: 1.0.6
Check: installed package size
Result: NOTE
installed size is 7.0Mb
sub-directories of 1Mb or more:
doc 1.8Mb
extdata 4.0Mb
Flavors: r-oldrel-macos-arm64, r-oldrel-macos-x86_64, r-oldrel-windows-x86_64