Last updated on 2025-11-23 03:48:54 CET.
| Flavor | Version | Tinstall | Tcheck | Ttotal | Status | Flags |
|---|---|---|---|---|---|---|
| r-devel-linux-x86_64-debian-clang | 0.1.1 | 1.59 | 27.53 | 29.12 | NOTE | |
| r-devel-linux-x86_64-debian-gcc | 0.1.1 | 1.36 | 20.87 | 22.23 | NOTE | |
| r-devel-linux-x86_64-fedora-clang | 0.1.1 | 41.68 | OK | |||
| r-devel-linux-x86_64-fedora-gcc | 0.1.1 | 39.58 | OK | |||
| r-devel-windows-x86_64 | 0.1.1 | 6.00 | 45.00 | 51.00 | OK | |
| r-patched-linux-x86_64 | 0.1.1 | 1.56 | 24.42 | 25.98 | OK | |
| r-release-linux-x86_64 | 0.1.1 | 1.50 | 24.60 | 26.10 | OK | |
| r-release-macos-arm64 | 0.1.1 | OK | ||||
| r-release-macos-x86_64 | 0.1.1 | 2.00 | 32.00 | 34.00 | OK | |
| r-release-windows-x86_64 | 0.1.1 | 4.00 | 46.00 | 50.00 | OK | |
| r-oldrel-macos-arm64 | 0.1.1 | NOTE | ||||
| r-oldrel-macos-x86_64 | 0.1.1 | 2.00 | 29.00 | 31.00 | NOTE | |
| r-oldrel-windows-x86_64 | 0.1.1 | 5.00 | 53.00 | 58.00 | NOTE |
Version: 0.1.1
Check: CRAN incoming feasibility
Result: NOTE
Maintainer: ‘Florian Privé <florian.prive.21@gmail.com>’
Found the following (possibly) invalid file URIs:
URI: commits/master
From: README.md
URI: /commits/master
From: README.md
Flavors: r-devel-linux-x86_64-debian-clang, r-devel-linux-x86_64-debian-gcc
Version: 0.1.1
Check: LazyData
Result: NOTE
'LazyData' is specified without a 'data' directory
Flavors: r-oldrel-macos-arm64, r-oldrel-macos-x86_64, r-oldrel-windows-x86_64