CRAN Package Check Results for Package prefeR

Last updated on 2025-11-15 00:50:35 CET.

Flavor Version Tinstall Tcheck Ttotal Status Flags
r-devel-linux-x86_64-debian-clang 0.1.3 2.61 40.11 42.72 NOTE
r-devel-linux-x86_64-debian-gcc 0.1.3 1.82 31.10 32.92 NOTE
r-devel-linux-x86_64-fedora-clang 0.1.3 62.78 OK
r-devel-linux-x86_64-fedora-gcc 0.1.3 75.61 OK
r-devel-windows-x86_64 0.1.3 5.00 56.00 61.00 OK
r-patched-linux-x86_64 0.1.3 2.76 37.09 39.85 OK
r-release-linux-x86_64 0.1.3 2.28 37.08 39.36 OK
r-release-macos-arm64 0.1.3 1.00 29.00 30.00 OK
r-release-macos-x86_64 0.1.3 3.00 55.00 58.00 OK
r-release-windows-x86_64 0.1.3 3.00 56.00 59.00 OK
r-oldrel-macos-arm64 0.1.3 1.00 26.00 27.00 OK
r-oldrel-macos-x86_64 0.1.3 2.00 37.00 39.00 OK
r-oldrel-windows-x86_64 0.1.3 5.00 66.00 71.00 OK

Check Details

Version: 0.1.3
Check: CRAN incoming feasibility
Result: NOTE Maintainer: ‘John Lepird <jlepird@alum.mit.edu>’ No Authors@R field in DESCRIPTION. Please add one, modifying Authors@R: person(given = "John", family = "Lepird", role = c("aut", "cre"), email = "jlepird@alum.mit.edu") as necessary. Package CITATION file contains call(s) to old-style citEntry(). Please use bibentry() instead. Flavors: r-devel-linux-x86_64-debian-clang, r-devel-linux-x86_64-debian-gcc