CRAN Package Check Results for Package precintcon

Last updated on 2025-07-21 08:50:12 CEST.

Flavor Version Tinstall Tcheck Ttotal Status Flags
r-devel-linux-x86_64-debian-clang 2.3.0 7.12 59.18 66.30 NOTE
r-devel-linux-x86_64-debian-gcc 2.3.0 4.27 42.10 46.37 NOTE
r-devel-linux-x86_64-fedora-clang 2.3.0 99.80 OK
r-devel-linux-x86_64-fedora-gcc 2.3.0 95.52 OK
r-devel-windows-x86_64 2.3.0 8.00 77.00 85.00 OK
r-patched-linux-x86_64 2.3.0 6.62 54.64 61.26 OK
r-release-linux-x86_64 2.3.0 7.59 54.16 61.75 OK
r-release-macos-arm64 2.3.0 29.00 OK
r-release-macos-x86_64 2.3.0 52.00 OK
r-release-windows-x86_64 2.3.0 9.00 79.00 88.00 OK
r-oldrel-macos-arm64 2.3.0 30.00 OK
r-oldrel-macos-x86_64 2.3.0 43.00 OK
r-oldrel-windows-x86_64 2.3.0 11.00 102.00 113.00 OK

Check Details

Version: 2.3.0
Check: CRAN incoming feasibility
Result: NOTE Maintainer: ‘Lucas Venezian Povoa <lucasvenez@gmail.com>’ No Authors@R field in DESCRIPTION. Please add one, modifying Authors@R: c(person(given = c("Lucas", "Venezian"), family = "Povoa", role = c("aut", "cre"), email = "lucasvenez@gmail.com"), person(given = c("Jonas", "Teixeira"), family = "Nery", role = "ctb")) as necessary. Flavors: r-devel-linux-x86_64-debian-clang, r-devel-linux-x86_64-debian-gcc