Last updated on 2025-07-28 13:49:42 CEST.
Flavor | Version | Tinstall | Tcheck | Ttotal | Status | Flags |
---|---|---|---|---|---|---|
r-devel-linux-x86_64-debian-clang | 0.2.1 | 5.60 | 58.20 | 63.80 | OK | |
r-devel-linux-x86_64-debian-gcc | 0.2.1 | 3.86 | 41.58 | 45.44 | OK | |
r-devel-linux-x86_64-fedora-clang | 0.2.1 | 94.51 | NOTE | |||
r-devel-linux-x86_64-fedora-gcc | 0.2.1 | 104.93 | NOTE | |||
r-devel-windows-x86_64 | 0.2.1 | 8.00 | 68.00 | 76.00 | OK | |
r-patched-linux-x86_64 | 0.2.1 | 5.27 | 52.59 | 57.86 | OK | |
r-release-linux-x86_64 | 0.2.1 | 5.81 | 52.54 | 58.35 | OK | |
r-release-macos-arm64 | 0.2.1 | 33.00 | OK | |||
r-release-macos-x86_64 | 0.2.1 | 62.00 | OK | |||
r-release-windows-x86_64 | 0.2.1 | 8.00 | 69.00 | 77.00 | OK | |
r-oldrel-macos-arm64 | 0.2.1 | 34.00 | OK | |||
r-oldrel-macos-x86_64 | 0.2.1 | 48.00 | OK | |||
r-oldrel-windows-x86_64 | 0.2.1 | 9.00 | 84.00 | 93.00 | OK |
Version: 0.2.1
Check: dependencies in R code
Result: NOTE
Namespaces in Imports field not imported from:
‘class’ ‘forcats’ ‘irr’ ‘lpSolve’ ‘purrr’
All declared Imports should be used.
Flavors: r-devel-linux-x86_64-fedora-clang, r-devel-linux-x86_64-fedora-gcc