CRAN Package Check Results for Package ppsr

Last updated on 2025-07-20 01:49:37 CEST.

Flavor Version Tinstall Tcheck Ttotal Status Flags
r-devel-linux-x86_64-debian-clang 0.0.5 2.16 32.73 34.89 OK
r-devel-linux-x86_64-debian-gcc 0.0.5 1.52 25.99 27.51 OK
r-devel-linux-x86_64-fedora-clang 0.0.5 52.80 NOTE
r-devel-linux-x86_64-fedora-gcc 0.0.5 49.25 NOTE
r-devel-windows-x86_64 0.0.5 4.00 53.00 57.00 OK
r-patched-linux-x86_64 0.0.5 2.54 30.32 32.86 OK
r-release-linux-x86_64 0.0.5 2.09 30.65 32.74 OK
r-release-macos-arm64 0.0.5 22.00 OK
r-release-macos-x86_64 0.0.5 33.00 OK
r-release-windows-x86_64 0.0.5 4.00 51.00 55.00 OK
r-oldrel-macos-arm64 0.0.5 21.00 OK
r-oldrel-macos-x86_64 0.0.5 29.00 OK
r-oldrel-windows-x86_64 0.0.5 4.00 62.00 66.00 OK

Check Details

Version: 0.0.5
Check: dependencies in R code
Result: NOTE Namespaces in Imports field not imported from: ‘rpart’ ‘withr’ All declared Imports should be used. Flavors: r-devel-linux-x86_64-fedora-clang, r-devel-linux-x86_64-fedora-gcc