Last updated on 2025-10-11 19:51:47 CEST.
Flavor | Version | Tinstall | Tcheck | Ttotal | Status | Flags |
---|---|---|---|---|---|---|
r-devel-linux-x86_64-debian-clang | 2.4.0.2 | 24.56 | 186.11 | 210.67 | OK | |
r-devel-linux-x86_64-debian-gcc | 2.4.0.2 | 17.81 | 136.41 | 154.22 | OK | |
r-devel-linux-x86_64-fedora-clang | 2.4.0.2 | 328.00 | NOTE | |||
r-devel-linux-x86_64-fedora-gcc | 2.4.0.2 | 325.39 | NOTE | |||
r-devel-windows-x86_64 | 2.4.0.2 | 26.00 | 159.00 | 185.00 | OK | |
r-patched-linux-x86_64 | 2.4.0.2 | 25.71 | 173.90 | 199.61 | OK | |
r-release-linux-x86_64 | 2.4.0.2 | 24.32 | 172.90 | 197.22 | OK | |
r-release-macos-arm64 | 2.4.0.2 | 92.00 | OK | |||
r-release-macos-x86_64 | 2.4.0.2 | 144.00 | OK | |||
r-release-windows-x86_64 | 2.4.0.2 | 25.00 | 167.00 | 192.00 | OK | |
r-oldrel-macos-arm64 | 2.4.0.2 | 75.00 | OK | |||
r-oldrel-macos-x86_64 | 2.4.0.2 | 107.00 | OK | |||
r-oldrel-windows-x86_64 | 2.4.0.2 | 35.00 | 201.00 | 236.00 | OK |
Version: 2.4.0.2
Check: dependencies in R code
Result: NOTE
Namespaces in Imports field not imported from:
‘ActCR’ ‘ActFrag’ ‘tidyr’
All declared Imports should be used.
Flavors: r-devel-linux-x86_64-fedora-clang, r-devel-linux-x86_64-fedora-gcc