Last updated on 2025-10-21 17:49:57 CEST.
Flavor | Version | Tinstall | Tcheck | Ttotal | Status | Flags |
---|---|---|---|---|---|---|
r-devel-linux-x86_64-debian-clang | 0.1.1 | 27.43 | 116.15 | 143.58 | NOTE | |
r-devel-linux-x86_64-debian-gcc | 0.1.1 | 18.19 | 85.64 | 103.83 | NOTE | |
r-devel-linux-x86_64-fedora-clang | 0.1.1 | 181.00 | 60.88 | 241.88 | OK | |
r-devel-linux-x86_64-fedora-gcc | 0.1.1 | 47.00 | 177.81 | 224.81 | OK | |
r-devel-windows-x86_64 | 0.1.1 | 33.00 | 132.00 | 165.00 | OK | |
r-patched-linux-x86_64 | 0.1.1 | 25.06 | 112.50 | 137.56 | OK | |
r-release-linux-x86_64 | 0.1.1 | 24.25 | 111.26 | 135.51 | OK | |
r-release-macos-arm64 | 0.1.1 | 14.00 | 65.00 | 79.00 | OK | |
r-release-macos-x86_64 | 0.1.1 | 19.00 | 87.00 | 106.00 | OK | |
r-release-windows-x86_64 | 0.1.1 | 37.00 | 130.00 | 167.00 | OK | |
r-oldrel-macos-arm64 | 0.1.1 | 13.00 | 46.00 | 59.00 | NOTE | |
r-oldrel-macos-x86_64 | 0.1.1 | 16.00 | 71.00 | 87.00 | NOTE | |
r-oldrel-windows-x86_64 | 0.1.1 | 40.00 | 163.00 | 203.00 | NOTE |
Version: 0.1.1
Check: HTML version of manual
Result: NOTE
Found the following HTML validation problems:
segMaker.html:58:1 (segMaker.Rd:18): Warning: missing </ul> before </div>
Flavors: r-devel-linux-x86_64-debian-clang, r-devel-linux-x86_64-debian-gcc
Version: 0.1.1
Check: installed package size
Result: NOTE
installed size is 6.3Mb
sub-directories of 1Mb or more:
data 2.6Mb
doc 1.8Mb
libs 1.4Mb
Flavors: r-oldrel-macos-arm64, r-oldrel-macos-x86_64, r-oldrel-windows-x86_64