Last updated on 2025-07-16 17:49:32 CEST.
Flavor | Version | Tinstall | Tcheck | Ttotal | Status | Flags |
---|---|---|---|---|---|---|
r-devel-linux-x86_64-debian-clang | 1.1.6 | 565.48 | 964.81 | 1530.29 | OK | |
r-devel-linux-x86_64-debian-gcc | 1.1.6 | 301.53 | 515.36 | 816.89 | OK | |
r-devel-linux-x86_64-fedora-clang | 1.1.6 | 2065.43 | OK | |||
r-devel-linux-x86_64-fedora-gcc | 1.1.6 | 1732.23 | OK | |||
r-devel-windows-x86_64 | 1.1.6 | 461.00 | 572.00 | 1033.00 | OK | |
r-patched-linux-x86_64 | 1.1.6 | 545.21 | 910.63 | 1455.84 | OK | |
r-release-linux-x86_64 | 1.1.6 | 525.11 | 883.93 | 1409.04 | OK | |
r-release-macos-arm64 | 1.1.6 | 483.00 | OK | |||
r-release-macos-x86_64 | 1.1.6 | 1101.00 | OK | |||
r-release-windows-x86_64 | 1.1.6 | 519.00 | 615.00 | 1134.00 | OK | |
r-oldrel-macos-arm64 | 1.1.6 | 350.00 | NOTE | |||
r-oldrel-macos-x86_64 | 1.1.6 | 684.00 | NOTE | |||
r-oldrel-windows-x86_64 | 1.1.6 | 634.00 | 855.00 | 1489.00 | NOTE |
Version: 1.1.6
Check: installed package size
Result: NOTE
installed size is 13.4Mb
sub-directories of 1Mb or more:
R 7.1Mb
data 5.2Mb
Flavors: r-oldrel-macos-arm64, r-oldrel-macos-x86_64, r-oldrel-windows-x86_64